{"id":1016,"date":"2023-01-09T11:52:01","date_gmt":"2023-01-09T11:52:01","guid":{"rendered":"https:\/\/agrohelp.al\/?page_id=1016"},"modified":"2025-06-13T09:17:14","modified_gmt":"2025-06-13T09:17:14","slug":"xanadu","status":"publish","type":"page","link":"https:\/\/agrohelp.al\/index.php\/xanadu\/","title":{"rendered":"XANADU"},"content":{"rendered":"<div class=\"wpb-content-wrapper\"><p>[vc_row full_width=&#8221;stretch_row_content&#8221;][vc_column width=&#8221;1\/6&#8243;][vc_single_image image=&#8221;54&#8243; img_size=&#8221;full&#8221; alignment=&#8221;right&#8221; image_hovers=&#8221;false&#8221;][\/vc_column][vc_column width=&#8221;2\/3&#8243;][vc_column_text]<\/p>\n<p style=\"text-align: center;\">HERBICID SELEKTIV P\u00cbR LUFTIMIN E BARERAVE TE KEQIA GJETHEGJERE NE DRITHRA NE<br \/>\nPERIUDHEN E PAS MBIRJES SE TYRE<\/p>\n<p>[\/vc_column_text][\/vc_column][vc_column width=&#8221;1\/6&#8243;][\/vc_column][\/vc_row][vc_row][vc_column width=&#8221;2\/3&#8243;][vc_empty_space height=&#8221;25px&#8221;]<div class=\"standard-arrow list-divider bullet-top\"><ul>\n<li><span style=\"color: #7e20cc;\"><strong>Permbajtja<\/strong><\/span> : <span style=\"color: #000000;\">Bensulfuron-Metil, 50% p\/p (500 g\/kg) + Metsulfuron-mehyl, 4% p\/p (40 g\/kg)<\/span><\/li>\n<li><span style=\"color: #3366ff;\"><span style=\"color: #ea8d35;\"><span style=\"color: #7e20cc;\"><strong>Karenca<\/strong><\/span>\u00a0<\/span><span style=\"color: #000000;\">:<\/span><\/span><span style=\"color: #000000;\"> Nuk aplikohet<br \/>\n<\/span><\/li>\n<li><span style=\"color: #3366ff;\"><span style=\"color: #ea8d35;\"><span style=\"color: #7e20cc;\"><strong>magazinimi<\/strong><\/span>\u00a0<\/span><span style=\"color: #000000;\">: Magazinohet n\u00eb vende t\u00eb fresketa, pa lageshti, n\u00eb temperature 0-50 grade C.<\/span><\/span><\/li>\n<\/ul>\n<\/div>[\/vc_column][\/vc_row][vc_row][vc_column][vc_custom_heading text=&#8221;P\u00ebrdorimi&#8221; font_container=&#8221;tag:h2|text_align:center|color:%237e20cc&#8221; google_fonts=&#8221;font_family:Merienda%3Aregular%2C700|font_style:400%20regular%3A400%3Anormal&#8221;][vc_empty_space height=&#8221;22px&#8221;][vc_column_text]<\/p>\n<p style=\"text-align: justify;\">XANADU \u00ebsht\u00eb nj\u00eb herbicid sistemik i pas mbirjes. Perdoret me sperkatje gjethore, p\u00ebr kontrollin e bar\u00ebrave t\u00eb k\u00ebqija dykotiledone n\u00eb drith\u00ebrat si gruri, elbi, thekra. XANADU funksionon duke nd\u00ebrhyr\u00eb n\u00eb sintez\u00ebn e aminoacideve thelb\u00ebsore, duke penguar ndarjen e qelizave, duke ndaluar rritjen e specieve t\u00eb ndjeshme t\u00eb bar\u00ebrave t\u00eb k\u00ebqija duke perfshire edhe ato qe jane reistente ndaj 2.4-D dhe herbicideve te tjera te grupit te fenoksacetikeve. Perdoret 100g\/ha duke perdorur nje vellim sperktes prej 200-400 l\/uje\/ha. Barerat e keqia shume te ndjeshme qe luftohen me sukses(&amp;gt;85%) jane Galium aparine (Rodhja), Matricaria recutita ( Kamomili), Stellaria media (Zhokulla e zakonshme), Lamium purpureum (Hithra e vdekur e purport), Capsella bursa pastoris ( \u00c7anta e bariut), Fumaria officinalis (Fomi i zakonsh\u00ebm). Ndersa mesatarish te ndjeshme (&amp;gt; 70%&amp;lt;84.9% kontroll) Papaver rhoeas (Lulkuqe e zakonshme), Veronica hederifolia; (Veronika me gjethe dredhke), Veronica persica (Veronika pjeshkore)<\/p>\n<p>[\/vc_column_text][\/vc_column][\/vc_row][vc_row][vc_column][vc_custom_heading text=&#8221;Verejtje per perdorimin&#8221; font_container=&#8221;tag:h2|text_align:center|color:%237e20cc&#8221; google_fonts=&#8221;font_family:Merienda%3Aregular%2C700|font_style:400%20regular%3A400%3Anormal&#8221;][vc_empty_space height=&#8221;22px&#8221;][vc_column_text]<\/p>\n<p style=\"text-align: justify;\">Trajtimi duhet t\u00eb b\u00ebhen kur te lashtat jan\u00eb nd\u00ebrmjet faz\u00ebs s\u00eb tre gjetheve t\u00eb shpalosura dhe para fazes s\u00eb zgjatjes s\u00eb gjethes flamur. (para daljes se kallirit) Rezultatet m\u00eb t\u00eb mira arrihen kur bar\u00ebrat e k\u00ebqija jan\u00eb t\u00eb vogla dhe n\u00eb rritje aktive. Filimisht frenohet rritja e barerave te keqia dersa tharja e plote behet e dukshme dy ose tre jav\u00eb pas aplikimit. Sigurohuni qe bimesia dhe barerat e keqia te mos kene kaluar strese te ndryshme. Perdorni mjete sperkatese qe garantojne mbulim te mire te mases gjethore te barerave te keqia.<br \/>\nKujdesuni q\u00eb t\u00eb mos mbivendosen shtresat e sp\u00ebrkatjes dhe t\u00eb mos lejohet q\u00eb sp\u00ebrkatja t\u00eb kaloj\u00eb n\u00eb t\u00eb mbjellat q\u00eb nuk synohen per tu trajtuar. Trajtoni ne kushte moti t\u00eb qet\u00eb dhe t\u00eb that\u00eb. XANADU nuk duhet t\u00eb aplikohet brenda 7 dit\u00ebve nga lesimi apo kultivimi i drithrave. \u00cbSHT\u00cb SHUM\u00cb E R\u00cbND\u00cbSISHME T\u00cb BEHET NJE LARJE E KUJDESESHME E PAJISJEVE SPERKATESE. NJE PASTRIM I PA MJAFTUESHEM I MJETEVE SPERKATESE MUND TE COJE NE DEMTIM TE KULTURAVE TE TJERA.<\/p>\n<p>[\/vc_column_text][\/vc_column][\/vc_row][vc_row][vc_column][vc_custom_heading text=&#8221;Perzierja&#8221; font_container=&#8221;tag:h2|text_align:center|color:%237e20cc&#8221; google_fonts=&#8221;font_family:Merienda%3Aregular%2C700|font_style:400%20regular%3A400%3Anormal&#8221;][vc_empty_space height=&#8221;22px&#8221;][vc_column_text]<\/p>\n<p style=\"text-align: justify;\">P\u00ebr t\u00eb zgjeruar spektrin e veprimit dhe p\u00ebr t\u00eb p\u00ebrmir\u00ebsuar efektivitetin n\u00eb kontrollin e bar\u00ebrave t\u00eb k\u00ebqija, XANADU mund t\u00eb aplikohet me herbicide t\u00eb tjera. Keshillohuni me distributorin lokal n\u00ebse keni nevoj\u00eb p\u00ebr informacione t\u00eb m\u00ebtejshme. Kur p\u00ebrzihet, rekomandohet q\u00eb fillimisht t\u00eb hidhet XANADU n\u00eb rezervuar.<\/p>\n<p>[\/vc_column_text][\/vc_column][\/vc_row][vc_row][vc_column][vc_custom_heading text=&#8221;Kushtet e motit&#8221; font_container=&#8221;tag:h2|text_align:center|color:%237e20cc&#8221; google_fonts=&#8221;font_family:Merienda%3Aregular%2C700|font_style:400%20regular%3A400%3Anormal&#8221;][vc_empty_space height=&#8221;22px&#8221;][vc_column_text]<\/p>\n<p style=\"text-align: justify;\">Ne kushte me lageshti ajrore te moderuar deri n\u00eb t\u00eb lart\u00eb rezultatet jane m\u00eb t\u00eb mira. Pas aplikimit, moti duhet t\u00eb q\u00ebndroj\u00eb i that\u00eb p\u00ebr disa or\u00eb. Mos aplikoni, pas periudhave t\u00eb gjata that\u00ebsire dhe temperaturave t\u00eb larta,ose priten shira t\u00eb dendur t\u00eb cilat mund t\u00eb shkaktojn\u00eb stres dhe t\u00eb ndikojn\u00eb n\u00eb performanc\u00ebn e produktit. Mos aplikoni n\u00ebse ekziston rreziku i ngricave t\u00eb nat\u00ebs.<\/p>\n<p>[\/vc_column_text][\/vc_column][\/vc_row][vc_row][vc_column][vc_custom_heading text=&#8221;Paralajm\u00ebrim&#8221; font_container=&#8221;tag:h2|text_align:center|color:%237e20cc&#8221; google_fonts=&#8221;font_family:Merienda%3Aregular%2C700|font_style:400%20regular%3A400%3Anormal&#8221;][vc_empty_space height=&#8221;22px&#8221;][vc_message message_box_color=&#8221;violet&#8221; icon_fontawesome=&#8221;fa fa-exclamation-triangle&#8221;]<\/p>\n<p style=\"text-align: center;\">Rekomandimet dhe informacionet e dh\u00ebna jan\u00eb rezultat i studimeve t\u00eb gjera. Megjithat\u00eb, gjat\u00eb p\u00ebrdorimit t\u00eb produktit, ai mund t\u00eb ekspozohet ndaj shum\u00eb faktor\u00ebve jasht\u00eb kontrollit ton\u00eb (p\u00ebrgatitja e p\u00ebrzierjeve, aplikimi, moti, etj.). Kompania garanton p\u00ebrb\u00ebrjen, formulimin dhe p\u00ebrmbajtjen p\u00ebr t\u00eb pakt\u00ebn 3 vjet. P\u00ebrdoruesi \u00ebsht\u00eb p\u00ebrgjegj\u00ebs p\u00ebr d\u00ebmin e shkaktuar (defekti i efikasitetit, toksiciteti n\u00eb p\u00ebrgjith\u00ebsi, mbetjet, etj.) dhe p\u00ebr k\u00ebt\u00eb arsye duhet t\u00eb ndjek\u00eb udh\u00ebzimet e etiket\u00ebs.<\/p>\n<p>[\/vc_message][\/vc_column][\/vc_row][vc_row][vc_column][vc_custom_heading text=&#8221;Fitotoksiciteti&#8221; font_container=&#8221;tag:h2|text_align:center|color:%237e20cc&#8221; google_fonts=&#8221;font_family:Merienda%3Aregular%2C700|font_style:400%20regular%3A400%3Anormal&#8221;][vc_empty_space height=&#8221;22px&#8221;][vc_message message_box_color=&#8221;violet&#8221;]<\/p>\n<p style=\"text-align: center;\">Nuk ka kufizime p\u00ebr kulturat q\u00eb mund t\u00eb mbillen pas nj\u00eb korrjeje normale t\u00eb drith\u00ebrave t\u00eb trajtuara.<\/p>\n<p>[\/vc_message][\/vc_column][\/vc_row][vc_row][vc_column][vc_custom_heading text=&#8221;Ndikimi n\u00eb ekosistem&#8221; font_container=&#8221;tag:h2|text_align:center|color:%237e20cc&#8221; google_fonts=&#8221;font_family:Merienda%3Aregular%2C700|font_style:400%20regular%3A400%3Anormal&#8221;][vc_empty_space height=&#8221;22px&#8221;][vc_message message_box_color=&#8221;violet&#8221;]<\/p>\n<p style=\"text-align: center;\">P\u00ebr t\u00eb mbrojtur organizmat ujor\u00eb, respektoni nj\u00eb zon\u00eb tampon t\u00eb pasp\u00ebrkatur prej 10 m ndaj trupave ujor\u00eb sip\u00ebrfaq\u00ebsor\u00eb. P\u00ebr t\u00eb mbrojtur bim\u00ebt jo t\u00eb synuara, respektoni nj\u00eb zon\u00eb tampon t\u00eb pasp\u00ebrkatur prej 2 m ndaj tok\u00ebs jobujq\u00ebsore, ose 1 m kur p\u00ebrdorni gryk\u00eb anti-drift prej 50%.<\/p>\n<p>[\/vc_message][\/vc_column][\/vc_row]<\/p>\n<\/div>","protected":false},"excerpt":{"rendered":"<p>[vc_row full_width=&#8221;stretch_row_content&#8221;][vc_column width=&#8221;1\/6&#8243;][vc_single_image image=&#8221;54&#8243; img_size=&#8221;full&#8221; alignment=&#8221;right&#8221; image_hovers=&#8221;false&#8221;][\/vc_column][vc_column width=&#8221;2\/3&#8243;][vc_column_text] HERBICID SELEKTIV P\u00cbR LUFTIMIN E BARERAVE TE KEQIA GJETHEGJERE NE DRITHRA NE PERIUDHEN E PAS MBIRJES SE TYRE [\/vc_column_text][\/vc_column][vc_column width=&#8221;1\/6&#8243;][\/vc_column][\/vc_row][vc_row][vc_column width=&#8221;2\/3&#8243;][vc_empty_space height=&#8221;25px&#8221;][\/vc_column][\/vc_row][vc_row][vc_column][vc_custom_heading text=&#8221;P\u00ebrdorimi&#8221; font_container=&#8221;tag:h2|text_align:center|color:%237e20cc&#8221; google_fonts=&#8221;font_family:Merienda%3Aregular%2C700|font_style:400%20regular%3A400%3Anormal&#8221;][vc_empty_space height=&#8221;22px&#8221;][vc_column_text] XANADU \u00ebsht\u00eb nj\u00eb herbicid sistemik i pas mbirjes. Perdoret me sperkatje gjethore, p\u00ebr kontrollin e bar\u00ebrave t\u00eb k\u00ebqija dykotiledone n\u00eb drith\u00ebrat&hellip;<\/p>\n","protected":false},"author":2,"featured_media":0,"parent":0,"menu_order":0,"comment_status":"closed","ping_status":"closed","template":"","meta":{"footnotes":""},"class_list":["post-1016","page","type-page","status-publish","hentry","description-off"],"_links":{"self":[{"href":"https:\/\/agrohelp.al\/index.php\/wp-json\/wp\/v2\/pages\/1016","targetHints":{"allow":["GET"]}}],"collection":[{"href":"https:\/\/agrohelp.al\/index.php\/wp-json\/wp\/v2\/pages"}],"about":[{"href":"https:\/\/agrohelp.al\/index.php\/wp-json\/wp\/v2\/types\/page"}],"author":[{"embeddable":true,"href":"https:\/\/agrohelp.al\/index.php\/wp-json\/wp\/v2\/users\/2"}],"replies":[{"embeddable":true,"href":"https:\/\/agrohelp.al\/index.php\/wp-json\/wp\/v2\/comments?post=1016"}],"version-history":[{"count":5,"href":"https:\/\/agrohelp.al\/index.php\/wp-json\/wp\/v2\/pages\/1016\/revisions"}],"predecessor-version":[{"id":1278,"href":"https:\/\/agrohelp.al\/index.php\/wp-json\/wp\/v2\/pages\/1016\/revisions\/1278"}],"wp:attachment":[{"href":"https:\/\/agrohelp.al\/index.php\/wp-json\/wp\/v2\/media?parent=1016"}],"curies":[{"name":"wp","href":"https:\/\/api.w.org\/{rel}","templated":true}]}}