{"id":1034,"date":"2023-01-09T14:10:20","date_gmt":"2023-01-09T14:10:20","guid":{"rendered":"https:\/\/agrohelp.al\/?page_id=1034"},"modified":"2023-02-20T11:57:31","modified_gmt":"2023-02-20T11:57:31","slug":"coupon","status":"publish","type":"page","link":"https:\/\/agrohelp.al\/index.php\/coupon\/","title":{"rendered":"COUPON"},"content":{"rendered":"<div class=\"wpb-content-wrapper\"><p>[vc_row][vc_column][vc_column_text]<\/p>\n<p style=\"text-align: center;\">COUPON 480 SL eshte Rregullatori i rritjes dhe zhvillimit te bimve n\u00eb form\u00ebn e koncentratit t\u00eb tretsh\u00ebm n\u00eb uj\u00eb [SL]. Perdoret per uniformizimin e pjekjes dhe lehtesimin e proceseve te vjeljes ne qershi dhe domateve duke ruajtur cilesite organolpetike dhe qendruehmerine ne treg.<\/p>\n<p>[\/vc_column_text][\/vc_column][\/vc_row][vc_row][vc_column width=&#8221;1\/3&#8243;][vc_single_image image=&#8221;374&#8243; img_size=&#8221;full&#8221; alignment=&#8221;right&#8221; style=&#8221;vc_box_border&#8221; border_color=&#8221;green&#8221; image_hovers=&#8221;false&#8221;][\/vc_column][vc_column width=&#8221;2\/3&#8243;]<div class=\"standard-arrow list-divider bullet-top\"><ul>\n<li><span style=\"color: #43932d;\"><strong>Permbajtja :\u00a0<\/strong><span style=\"color: #000000;\">Ethephon 480 g\/l (40.0%)<\/span><\/span><\/li>\n<li><span style=\"color: #43932d;\"><strong>Formulimi :\u00a0<\/strong><span style=\"color: #000000;\">Koncentrat i treteshem (SL)<\/span><\/span><\/li>\n<li><span style=\"color: #43932d;\"><strong>Karenca :\u00a0<\/strong><span style=\"color: #000000;\">Domate &#8211; 7 dit\u00eb, Qershi &#8211; 10 dit\u00eb.<\/span><\/span><\/li>\n<li><span style=\"color: #43932d;\"><strong>Ruajta dhe magazinimi : <\/strong><span style=\"color: #000000;\">Produkti ruhet ne ene origjinale larg ushqimeve dhe pijeve per njerez dhe ushqimeve per blegtorine. Shishet e boshatisura nuk duhet te perdoren per qellime te tjera.<\/span><\/span><\/li>\n<\/ul>\n<\/div>[\/vc_column][\/vc_row][vc_row][vc_column][vc_custom_heading text=&#8221;Perdorimi&#8221; font_container=&#8221;tag:h2|text_align:center|color:%2343932d&#8221; google_fonts=&#8221;font_family:Merienda%3Aregular%2C700|font_style:400%20regular%3A400%3Anormal&#8221;][vc_empty_space height=&#8221;22px&#8221;][vc_column_text]<\/p>\n<p style=\"text-align: center;\">COUPON 480 SL eshte Rregullatori i rritjes dhe zhvillimit te bimve n\u00eb form\u00ebn e koncentratit t\u00eb tretsh\u00ebm n\u00eb uj\u00eb [SL]. Perdoret per uniformizimin e pjekjes dhe lehtesimin e proceseve te vjeljes ne qershi dhe domateve duke ruajtur cilesite organolpetike dhe qendruehmerine ne treg.<br \/>\nDep\u00ebrton n\u00eb indin e bim\u00ebs, duke u dekompozuar l\u00ebshuar etilen, i cili p\u00ebrshpejton procesin e frym\u00ebmarrjes dhe pjekjen e frutave.<br \/>\nCOUPON 480 SL p\u00ebrdoret me mjete sperkatese individuale ose traktor pompa.<br \/>\nDomate : Doza maksimale e p\u00ebrdorimit eshte 2-3 l \/ ha dhe ndahet ne 2-3 duar gjate ciklit vegjetativ. P\u00ebrdorni dozat m\u00eb t\u00eb larta t\u00eb rekomanduara n\u00eb temperatura n\u00ebn 16 \u00b0 C dhe n\u00eb bim\u00eb me nj\u00eb mas\u00eb t\u00eb madhe vegjetetive . Ne kushtet e temperaturave te larta &gt;250C rekomandohen jo me shume se 2 lit\/ha. Koha e aplikimit: P\u00ebrdoret kur domatet e pjekura dhe ato ne prag te pjekjes p\u00ebrb\u00ebjn\u00eb 10-20%, dhe frutat jeshile (t\u00eb rritura) 50 &#8211; 65% t\u00eb frutave totale me 2 lit\/ha ose koncentrim 0.2% ndersa pas nje jave nderyhet me nje trajtim tjeter me 1 lit\/ha ose koncentrim 0.1%. Trajtimt mund te fraksionohen edhe ne tre duar me nga 1 lit \/ha. Rekomandohet nje volum uji prej 1000 litra duke perdorut nje sistem te mire nebulizimi e duke garantuar nje sperkatje totale te mases vegjetative.<br \/>\nQershi : Uniformizon pjekjen duke lehtesuar vjeljen mekanike te frutave. Doza maksimale e perdorimit eshte 75 ml ne 100 litra uje. Koha e perdorimit: Kryet nje trajtim 7-10 dit\u00eb para vjeljes s\u00eb pritshme t\u00eb frutave nga pem\u00ebt e patrajtuara. Sasia e rekomanduar e ujit: 500 &#8211; 700 l \/ ha.<\/p>\n<p>[\/vc_column_text][\/vc_column][\/vc_row][vc_row][vc_column][vc_custom_heading text=&#8221;Verejtje per perdorimin&#8221; font_container=&#8221;tag:h2|text_align:center|color:%2343932d&#8221; google_fonts=&#8221;font_family:Roboto%3A100%2C100italic%2C300%2C300italic%2Cregular%2Citalic%2C500%2C500italic%2C700%2C700italic%2C900%2C900italic|font_style:500%20bold%20regular%3A500%3Anormal&#8221;][vc_empty_space height=&#8221;22px&#8221;][vc_column_text]<\/p>\n<p style=\"text-align: center;\">Aplikimi i COUPON 480 SL n\u00eb domate n\u00eb doz\u00eb m\u00eb t\u00eb lart\u00eb se ato te rekomanduara mund t\u00eb shkaktoj\u00eb tharje t\u00eb p\u00ebrshpejtuar t\u00eb gjetheve (pa ndikuar n\u00eb rendimentin).<br \/>\nTrajtimi duhet bere te pakten 3-4 ore para renies se rreshjeve te priteshme<br \/>\nP\u00ebrgatitni solucionin sperkates pasi keni pervehtesuar udhezuesin e perdorimit dhe e tiketen.<br \/>\nPasi percaktimit te sasise se preparatit dhe volumin e ujit, hidhet uji ne depozite ne 2\/3 e sasis. Duke mbajtur ndezur perzieresin shtojme preparatin dhe me pas ujin ne volumin e pote. Solucioni i pregatitur ne kete menyre nuk duhet te perdoret me vone se 5 ore nga koha e pregatitjes .<\/p>\n<p>[\/vc_column_text][\/vc_column][\/vc_row][vc_row][vc_column][vc_custom_heading text=&#8221;Fitotoksiciteti&#8221; font_container=&#8221;tag:h2|text_align:center|color:%2343932d&#8221; google_fonts=&#8221;font_family:Roboto%3A100%2C100italic%2C300%2C300italic%2Cregular%2Citalic%2C500%2C500italic%2C700%2C700italic%2C900%2C900italic|font_style:500%20bold%20regular%3A500%3Anormal&#8221;][vc_empty_space height=&#8221;22px&#8221;][vc_column_text]<\/p>\n<p style=\"text-align: center;\">Produkti nuk eshte fitotoksik nese perdoret ne dozat e rekomanduara<\/p>\n<p>[\/vc_column_text][\/vc_column][\/vc_row][vc_row][vc_column][vc_custom_heading text=&#8221;Ndikimi ne ekosistem&#8221; font_container=&#8221;tag:h2|text_align:center|color:%2343932d&#8221; google_fonts=&#8221;font_family:Roboto%3A100%2C100italic%2C300%2C300italic%2Cregular%2Citalic%2C500%2C500italic%2C700%2C700italic%2C900%2C900italic|font_style:500%20bold%20regular%3A500%3Anormal&#8221;][vc_empty_space height=&#8221;22px&#8221;][vc_column_text]<\/p>\n<p style=\"text-align: center;\">Helmues per bletet. Nuk rekomandohet te perdoret kur bletet jane ne aktivitet. Mos ndotni ujrat me produktin ose paketimin e tij. Mos lani mjetet e sperkatjes pran\u00eb uj\u00ebrave sip\u00ebrfaq\u00ebsore. Shmangni ndotjen e ujit p\u00ebrmes kanaleve kulluese ne fermat dhe rrug\u00eb.<\/p>\n<p>[\/vc_column_text][\/vc_column][\/vc_row]<\/p>\n<\/div>","protected":false},"excerpt":{"rendered":"<p>[vc_row][vc_column][vc_column_text] COUPON 480 SL eshte Rregullatori i rritjes dhe zhvillimit te bimve n\u00eb form\u00ebn e koncentratit t\u00eb tretsh\u00ebm n\u00eb uj\u00eb [SL]. Perdoret per uniformizimin e pjekjes dhe lehtesimin e proceseve te vjeljes ne qershi dhe domateve duke ruajtur cilesite organolpetike dhe qendruehmerine ne treg. [\/vc_column_text][\/vc_column][\/vc_row][vc_row][vc_column width=&#8221;1\/3&#8243;][vc_single_image image=&#8221;374&#8243; img_size=&#8221;full&#8221; alignment=&#8221;right&#8221; style=&#8221;vc_box_border&#8221; border_color=&#8221;green&#8221; image_hovers=&#8221;false&#8221;][\/vc_column][vc_column width=&#8221;2\/3&#8243;][\/vc_column][\/vc_row][vc_row][vc_column][vc_custom_heading text=&#8221;Perdorimi&#8221; font_container=&#8221;tag:h2|text_align:center|color:%2343932d&#8221;&hellip;<\/p>\n","protected":false},"author":2,"featured_media":0,"parent":0,"menu_order":0,"comment_status":"closed","ping_status":"closed","template":"","meta":{"footnotes":""},"class_list":["post-1034","page","type-page","status-publish","hentry","description-off"],"_links":{"self":[{"href":"https:\/\/agrohelp.al\/index.php\/wp-json\/wp\/v2\/pages\/1034","targetHints":{"allow":["GET"]}}],"collection":[{"href":"https:\/\/agrohelp.al\/index.php\/wp-json\/wp\/v2\/pages"}],"about":[{"href":"https:\/\/agrohelp.al\/index.php\/wp-json\/wp\/v2\/types\/page"}],"author":[{"embeddable":true,"href":"https:\/\/agrohelp.al\/index.php\/wp-json\/wp\/v2\/users\/2"}],"replies":[{"embeddable":true,"href":"https:\/\/agrohelp.al\/index.php\/wp-json\/wp\/v2\/comments?post=1034"}],"version-history":[{"count":3,"href":"https:\/\/agrohelp.al\/index.php\/wp-json\/wp\/v2\/pages\/1034\/revisions"}],"predecessor-version":[{"id":1036,"href":"https:\/\/agrohelp.al\/index.php\/wp-json\/wp\/v2\/pages\/1034\/revisions\/1036"}],"wp:attachment":[{"href":"https:\/\/agrohelp.al\/index.php\/wp-json\/wp\/v2\/media?parent=1034"}],"curies":[{"name":"wp","href":"https:\/\/api.w.org\/{rel}","templated":true}]}}