{"id":1037,"date":"2023-01-09T14:22:25","date_gmt":"2023-01-09T14:22:25","guid":{"rendered":"https:\/\/agrohelp.al\/?page_id=1037"},"modified":"2023-02-20T13:56:59","modified_gmt":"2023-02-20T13:56:59","slug":"micobioma","status":"publish","type":"page","link":"https:\/\/agrohelp.al\/index.php\/micobioma\/","title":{"rendered":"MICOBIOMA"},"content":{"rendered":"<div class=\"wpb-content-wrapper\"><p>[vc_row][vc_column][vc_column_text]<\/p>\n<p style=\"text-align: center;\">FIKSUES I AZOTIT ATMOSFERIK DHE AKTIVIZUE I PROCESEVE TE \u00c7LIRIMIT TE LENDEVE USHQYESE NE TOKE<\/p>\n<p>[\/vc_column_text][\/vc_column][\/vc_row][vc_row][vc_column width=&#8221;1\/3&#8243;][vc_single_image image=&#8221;374&#8243; img_size=&#8221;full&#8221; alignment=&#8221;right&#8221; style=&#8221;vc_box_border&#8221; border_color=&#8221;green&#8221; image_hovers=&#8221;false&#8221;][\/vc_column][vc_column width=&#8221;2\/3&#8243;]<div class=\"standard-arrow list-divider bullet-top\"><ul>\n<li><span style=\"color: #43932d;\"><strong>Permbajtja :\u00a0<\/strong><span style=\"color: #000000;\">Rhizosphere Bacteria : 1 x 1010 CFU\/g, Mycorrhiza inoculum : 10%<\/span><\/span><\/li>\n<\/ul>\n<div id=\"gtx-trans\" style=\"position: absolute; left: 571px; top: 34px;\">\n<div class=\"gtx-trans-icon\"><\/div>\n<\/div>\n<\/div>[\/vc_column][\/vc_row][vc_row][vc_column][vc_custom_heading text=&#8221;PERSHKRIMI I PRODUKTIT&#8221; font_container=&#8221;tag:h2|text_align:center|color:%2343932d&#8221; google_fonts=&#8221;font_family:Merienda%3Aregular%2C700|font_style:400%20regular%3A400%3Anormal&#8221;][vc_empty_space height=&#8221;22px&#8221;][vc_column_text]<\/p>\n<p style=\"text-align: center;\"><strong>MICOBIOMA<\/strong> \u00ebsht\u00eb nj\u00eb biofertilizant i bazuar n\u00eb bakteret e dobishme t\u00eb rizosfer\u00ebs, i rekomanduar p\u00ebr pleherimin n\u00eb serra dhe kulturat perimore n\u00eb fusha t\u00eb hapura, n\u00eb fruta dhe bime zbukuruese. Produkti ka nj\u00eb p\u00ebrqendrim t\u00eb lart\u00eb t\u00eb mikorizave q\u00eb lejon nj\u00eb strukturim optimal t\u00eb sistemit rr\u00ebnjor t\u00eb kulturave t\u00eb trajtuara n\u00eb sinergji me bakteret e rizosfer\u00ebs: Paenibacillus durus, i aft\u00eb p\u00ebr fiksimin e azotit atmosferik n\u00eb kushte aerobe; Bacillus megaterium, nj\u00eb bakter i quajtur PSB (Bakteret e Tretjes se Fosfateve) i aft\u00eb t\u00eb tret\u00eb Fosforin mineral t\u00eb tok\u00ebs, duke e b\u00ebr\u00eb at\u00eb t\u00eb asimiluesh\u00ebm nga bim\u00ebt dhe t\u00eb aft\u00eb p\u00ebr t\u00eb mobilizuar Potasin e tok\u00ebs, duke e b\u00ebr\u00eb at\u00eb menj\u00ebher\u00eb t\u00eb disponuesh\u00ebm p\u00ebr kultivim. Bakteret klasifikohen gjithashtu si baktere q\u00eb nxisin rritjen e bim\u00ebve PGPRB (Bakteret t\u00eb Rhizospheres Nxit\u00ebse te Rritjes s\u00eb Bim\u00ebve), pasi ato stimulojn\u00eb rritjen e bim\u00ebve pas fiksimit t\u00eb azotit n\u00eb atmosfer\u00eb dhe p\u00ebrmes sintez\u00ebs s\u00eb acideve organike \u00e7lirojne l\u00ebnd\u00ebt ushqyese t\u00eb bllokuara n\u00eb tok\u00eb , si hekurin ( sideroforeve) dhe metalet e tjera. Bakteret e rizosfer\u00ebs konkurrojn\u00eb me mikroorganizmat patogjen\u00eb n\u00eb tok\u00eb.<\/p>\n<p>[\/vc_column_text][\/vc_column][\/vc_row][vc_row][vc_column][vc_custom_heading text=&#8221;DOZA DHE MENYRA E PERDORIMIT&#8221; font_container=&#8221;tag:h2|text_align:center|color:%2343932d&#8221; google_fonts=&#8221;font_family:Roboto%3A100%2C100italic%2C300%2C300italic%2Cregular%2Citalic%2C500%2C500italic%2C700%2C700italic%2C900%2C900italic|font_style:500%20bold%20regular%3A500%3Anormal&#8221;][vc_empty_space height=&#8221;22px&#8221;][vc_column_text]<\/p>\n<p style=\"text-align: center;\">MICOBIOMA perdoret me sistemet e utjes me pika me 100-200 g \/ ha me 1-2 aplikime. n\u00eb fazat e hershme t\u00eb zhvillimit t\u00eb tbimeve ose pas transplantimit t\u00eb kulturave perimore Mikobioma perzihet me shumic\u00ebn e plehrave kimik\u00eb q\u00eb p\u00ebrdoren normalisht, p\u00ebrve\u00e7 me produktet q\u00eb p\u00ebrmbajn\u00eb bak\u00ebr dhe produkte t\u00eb reaksioneve alkaline. Rekomandohet t\u00eb kryeni nj\u00eb test paraprak p\u00ebr t\u00eb verifikuar p\u00ebrputhshm\u00ebrin\u00eb.<\/p>\n<p>[\/vc_column_text][\/vc_column][\/vc_row][vc_row][vc_column][vc_custom_heading text=&#8221;KUJDESI , TRAJTIMI DHE RUAJTJA E PRODUKTIT&#8221; font_container=&#8221;tag:h2|text_align:center|color:%2343932d&#8221; google_fonts=&#8221;font_family:Roboto%3A100%2C100italic%2C300%2C300italic%2Cregular%2Citalic%2C500%2C500italic%2C700%2C700italic%2C900%2C900italic|font_style:500%20bold%20regular%3A500%3Anormal&#8221;][vc_empty_space height=&#8221;22px&#8221;][vc_column_text]<\/p>\n<p style=\"text-align: center;\">Mos e asgjesoni ambalazhet n\u00eb mjedis. Shmangni kontaktin me l\u00ebkur\u00ebn dhe syt\u00eb. Mos i tejkaloni normat e rekomanduara t\u00eb doz\u00ebs. Aplikoni me paralajm\u00ebrimet e duhura sh\u00ebndet\u00ebsore dhe respektoni praktikat e siguris\u00eb. P\u00ebrdorni pajisje t\u00eb p\u00ebrshtatshme mbrojt\u00ebse personale dhe lani duart pasi p\u00ebrdorni produktin.Produkti \u00ebsht\u00eb i q\u00ebndruesh\u00ebm n\u00ebse zbatohen udh\u00ebzimet e rekomanduara per ruajtjen. Ruajen in neambalazhin origjinal te pa hapur, n\u00eb vend t\u00eb fresk\u00ebt dhe t\u00eb ajrosur mir\u00eb, ne temperatur\u00eb 5\u00ba dhe 35\u00ba C. Produkti nuk \u00ebsht\u00eb i djegsh\u00ebm. Shmangni rrezet e diellit direkte dhe burimet e tjera t\u00eb nxeht\u00ebsis\u00eb<\/p>\n<p>[\/vc_column_text][\/vc_column][\/vc_row][vc_row][vc_column][vc_custom_heading text=&#8221;FRAZAT E PERKUJDESIT&#8221; font_container=&#8221;tag:h2|text_align:center|color:%2343932d&#8221; google_fonts=&#8221;font_family:Roboto%3A100%2C100italic%2C300%2C300italic%2Cregular%2Citalic%2C500%2C500italic%2C700%2C700italic%2C900%2C900italic|font_style:500%20bold%20regular%3A500%3Anormal&#8221;][vc_empty_space height=&#8221;22px&#8221;][vc_column_text]<\/p>\n<p style=\"text-align: center;\">P102 Mbajeni larg f\u00ebmij\u00ebve.<br \/>\nP270 Mos hani, pini ose pini duhan gjat\u00eb p\u00ebrdorimit.<br \/>\nN\u00eb rast t\u00eb kontaktit me syt\u00eb dhe l\u00ebkur\u00ebn, shp\u00eblajeni menj\u00ebher\u00eb me shum\u00eb uj\u00eb. Prodhuesi garanton p\u00ebrb\u00ebrjen, formulimin dhe p\u00ebrmbajtjen e k\u00ebtij produkti. P\u00ebrdoruesi do t\u00eb jet\u00eb p\u00ebrgjegj\u00ebs p\u00ebr d\u00ebmet e shkaktuara nga mosrespektimi total ose i pjessh\u00ebm i etiket\u00ebs dhe \/ ose p\u00ebrdorimi i neglizhenc\u00ebs s\u00eb produktit.<\/p>\n<p>[\/vc_column_text][\/vc_column][\/vc_row]<\/p>\n<\/div>","protected":false},"excerpt":{"rendered":"<p>[vc_row][vc_column][vc_column_text] FIKSUES I AZOTIT ATMOSFERIK DHE AKTIVIZUE I PROCESEVE TE \u00c7LIRIMIT TE LENDEVE USHQYESE NE TOKE [\/vc_column_text][\/vc_column][\/vc_row][vc_row][vc_column width=&#8221;1\/3&#8243;][vc_single_image image=&#8221;374&#8243; img_size=&#8221;full&#8221; alignment=&#8221;right&#8221; style=&#8221;vc_box_border&#8221; border_color=&#8221;green&#8221; image_hovers=&#8221;false&#8221;][\/vc_column][vc_column width=&#8221;2\/3&#8243;][\/vc_column][\/vc_row][vc_row][vc_column][vc_custom_heading text=&#8221;PERSHKRIMI I PRODUKTIT&#8221; font_container=&#8221;tag:h2|text_align:center|color:%2343932d&#8221; google_fonts=&#8221;font_family:Merienda%3Aregular%2C700|font_style:400%20regular%3A400%3Anormal&#8221;][vc_empty_space height=&#8221;22px&#8221;][vc_column_text] MICOBIOMA \u00ebsht\u00eb nj\u00eb biofertilizant i bazuar n\u00eb bakteret e dobishme t\u00eb rizosfer\u00ebs, i rekomanduar p\u00ebr pleherimin n\u00eb serra dhe kulturat perimore n\u00eb fusha t\u00eb&hellip;<\/p>\n","protected":false},"author":2,"featured_media":0,"parent":0,"menu_order":0,"comment_status":"closed","ping_status":"closed","template":"","meta":{"footnotes":""},"class_list":["post-1037","page","type-page","status-publish","hentry","description-off"],"_links":{"self":[{"href":"https:\/\/agrohelp.al\/index.php\/wp-json\/wp\/v2\/pages\/1037","targetHints":{"allow":["GET"]}}],"collection":[{"href":"https:\/\/agrohelp.al\/index.php\/wp-json\/wp\/v2\/pages"}],"about":[{"href":"https:\/\/agrohelp.al\/index.php\/wp-json\/wp\/v2\/types\/page"}],"author":[{"embeddable":true,"href":"https:\/\/agrohelp.al\/index.php\/wp-json\/wp\/v2\/users\/2"}],"replies":[{"embeddable":true,"href":"https:\/\/agrohelp.al\/index.php\/wp-json\/wp\/v2\/comments?post=1037"}],"version-history":[{"count":4,"href":"https:\/\/agrohelp.al\/index.php\/wp-json\/wp\/v2\/pages\/1037\/revisions"}],"predecessor-version":[{"id":1125,"href":"https:\/\/agrohelp.al\/index.php\/wp-json\/wp\/v2\/pages\/1037\/revisions\/1125"}],"wp:attachment":[{"href":"https:\/\/agrohelp.al\/index.php\/wp-json\/wp\/v2\/media?parent=1037"}],"curies":[{"name":"wp","href":"https:\/\/api.w.org\/{rel}","templated":true}]}}