{"id":1045,"date":"2023-01-09T14:37:41","date_gmt":"2023-01-09T14:37:41","guid":{"rendered":"https:\/\/agrohelp.al\/?page_id=1045"},"modified":"2023-02-20T13:59:28","modified_gmt":"2023-02-20T13:59:28","slug":"rhizosum-max","status":"publish","type":"page","link":"https:\/\/agrohelp.al\/index.php\/rhizosum-max\/","title":{"rendered":"RHIZOSUM MAX"},"content":{"rendered":"<div class=\"wpb-content-wrapper\"><p>[vc_row][vc_column][vc_column_text]<\/p>\n<p style=\"text-align: center;\">PRODUKT PLEH\u00cbRUES ORGANIK<br \/>\nPRODUKT PLEH\u00cbRUES I VE\u00c7ANT\u00cb<br \/>\nFIKSUES I AZOTIT ATMOSFERIK DHE AKTIVIZUE I PROCESEVE TE \u00c7LIRIMIT TE<br \/>\nLENDEVE USHQYESE NE TOKE<\/p>\n<p style=\"text-align: center;\">RHIZOSUM MAX \u00ebsht\u00eb nj\u00eb formulim biofertilizues dhe biostimulant i bazuar n\u00eb mikroorganizma t\u00eb dobish\u00ebm. Produkti rekomandohet p\u00ebr fiksimin e azotit atmosferik (N), \u00e7lirimin e fosforit (P) dhe potasit (K) nga lidhjet e pa treteshme dhe mobilizimin tyre ne toke. K\u00ebto mikroorganizma probiotik\u00eb kan\u00eb gjithashtu aktivitete PGP (Nzites te Rritje se Bimeve), t\u00eb cilat stimulojn\u00eb bim\u00ebn nepermjet sintez\u00ebs s\u00eb p\u00ebrb\u00ebrjeve natyrore: ato tretin l\u00ebnd\u00ebt ushqyese p\u00ebrmes pranis\u00eb s\u00eb sideroforeve dhe acideve organike; aktivizon enzima t\u00eb caktuara dhe konkurron me mikroorganizmat e tjer\u00eb patogjene duke I bere ato te pa demshme.<\/p>\n<p>[\/vc_column_text][\/vc_column][\/vc_row][vc_row][vc_column width=&#8221;1\/3&#8243;][vc_single_image image=&#8221;374&#8243; img_size=&#8221;full&#8221; style=&#8221;vc_box_border&#8221; border_color=&#8221;green&#8221; image_hovers=&#8221;false&#8221;][\/vc_column][vc_column width=&#8221;2\/3&#8243;]<div class=\"standard-arrow list-divider bullet-top\"><ul>\n<li><strong><strong><span style=\"color: #43932d;\">Permbajtja : <\/span><\/strong><\/strong><span style=\"color: #000000;\">Rhizosphere Bacteria (Azotobacter salinestris, Bacilius megaterium ) : 1 x 1010 CFU\/g<br \/>\nMycorrhiza inoculum : 2%<br \/>\n<\/span><\/li>\n<\/ul>\n<\/div>[\/vc_column][\/vc_row][vc_row][vc_column][vc_custom_heading text=&#8221;DOZA DHE MENYRA E PERDORIMIT&#8221; font_container=&#8221;tag:h2|text_align:center|color:%2343932d&#8221; google_fonts=&#8221;font_family:Merienda%3Aregular%2C700|font_style:400%20regular%3A400%3Anormal&#8221;][vc_column_text]<\/p>\n<p style=\"text-align: center;\">RHIZOSUM MAX mund t\u00eb aplikohet n\u00eb t\u00eb gjitha bimet, si nga gjethet ashtu edhe nga rrenjet. Doza e rekomanduar eshte 75g \/ ha p\u00ebr nje aplikim duke kryer 2 deri n\u00eb 4 aplikime n\u00eb kulturat perimore me cik\u00ebl t\u00eb gjat\u00eb (p.sh. domate, speca, etj.) ; 2-3 aplikime n\u00eb kultura perimore me cik\u00ebl t\u00eb shkurt\u00ebr (p.sh. pjep\u00ebr, shalqi, etj.) dhe n\u00eb kulturat drunore 1-2 aplikime me 75-150 g \/ ha \/ aplikim. RHIZOSUM MAX aplikohet n\u00eb fillim t\u00eb vegjetacionit dhe p\u00ebrs\u00ebritet n\u00eb m\u00ebnyr\u00eb periodike n\u00eb p\u00ebrputhje me nevojat e bimeve dhe kushtet agronomike.<br \/>\nRHIZOSUM MAX mund te perzihet me shumic\u00ebn e plehrave kimik\u00eb q\u00eb p\u00ebrdoren normalisht p\u00ebrve\u00e7 produkteve me reaksion alkalin. Ne rast te eksperiencave te pa njohura rekomandohet t\u00eb kryeni nj\u00eb prov\u00eb paraprake p\u00ebr t\u00eb verifikuar p\u00ebrputhshm\u00ebrin\u00eb.<\/p>\n<p>[\/vc_column_text][vc_empty_space height=&#8221;22px&#8221;][\/vc_column][\/vc_row][vc_row][vc_column][vc_custom_heading text=&#8221;KUJDESI , TRAJTIMI DHE RUAJTJA E PRODUKTIT&#8221; font_container=&#8221;tag:h2|text_align:center|color:%2343932d&#8221; google_fonts=&#8221;font_family:Merienda%3Aregular%2C700|font_style:400%20regular%3A400%3Anormal&#8221;][vc_empty_space height=&#8221;22px&#8221;][vc_column_text]<\/p>\n<p style=\"text-align: center;\">Mos e asgjesoni ambalazhet n\u00eb mjedis. Shmangni kontaktin me l\u00ebkur\u00ebn dhe syt\u00eb. Mos i tejkaloni normat e rekomanduara t\u00eb doz\u00ebs. Aplikoni me paralajm\u00ebrimet e duhura sh\u00ebndet\u00ebsore dhe respektoni praktikat e siguris\u00eb. P\u00ebrdorni pajisje t\u00eb p\u00ebrshtatshme mbrojt\u00ebse personale dhe lani duart pasi p\u00ebrdorni produktin.Produkti \u00ebsht\u00eb i q\u00ebndruesh\u00ebm n\u00ebse zbatohen udh\u00ebzimet e rekomanduara per ruajtjen. Ruajen in neambalazhin origjinal te pa hapur, n\u00eb vend t\u00eb fresk\u00ebt dhe t\u00eb ajrosur mir\u00eb, ne temperatur\u00eb 5\u00ba dhe 35\u00ba C. Produkti nuk \u00ebsht\u00eb i djegsh\u00ebm. Shmangni rrezet e diellit direkte dhe burimet e tjera t\u00eb nxeht\u00ebsis\u00eb<\/p>\n<p>[\/vc_column_text][\/vc_column][\/vc_row][vc_row][vc_column][vc_custom_heading text=&#8221;FRAZAT E PERKUJDESIT&#8221; font_container=&#8221;tag:h2|text_align:center|color:%2343932d&#8221; google_fonts=&#8221;font_family:Merienda%3Aregular%2C700|font_style:400%20regular%3A400%3Anormal&#8221;][vc_empty_space height=&#8221;22px&#8221;][vc_column_text]<\/p>\n<p style=\"text-align: center;\">P102 Mbajeni larg f\u00ebmij\u00ebve.<br \/>\nP270 Mos hani, pini ose pini duhan gjat\u00eb p\u00ebrdorimit.<br \/>\nN\u00eb rast t\u00eb kontaktit me syt\u00eb dhe l\u00ebkur\u00ebn, shp\u00eblajeni menj\u00ebher\u00eb me shum\u00eb uj\u00eb. Prodhuesi garanton p\u00ebrb\u00ebrjen, formulimin dhe p\u00ebrmbajtjen e k\u00ebtij produkti. P\u00ebrdoruesi do t\u00eb jet\u00eb p\u00ebrgjegj\u00ebs p\u00ebr d\u00ebmet e shkaktuara nga mosrespektimi total ose i pjessh\u00ebm i etiket\u00ebs dhe \/ ose p\u00ebrdorimi i neglizhenc\u00ebs s\u00eb produktit.<\/p>\n<p>[\/vc_column_text][\/vc_column][\/vc_row]<\/p>\n<\/div>","protected":false},"excerpt":{"rendered":"<p>[vc_row][vc_column][vc_column_text] PRODUKT PLEH\u00cbRUES ORGANIK PRODUKT PLEH\u00cbRUES I VE\u00c7ANT\u00cb FIKSUES I AZOTIT ATMOSFERIK DHE AKTIVIZUE I PROCESEVE TE \u00c7LIRIMIT TE LENDEVE USHQYESE NE TOKE RHIZOSUM MAX \u00ebsht\u00eb nj\u00eb formulim biofertilizues dhe biostimulant i bazuar n\u00eb mikroorganizma t\u00eb dobish\u00ebm. Produkti rekomandohet p\u00ebr fiksimin e azotit atmosferik (N), \u00e7lirimin e fosforit (P) dhe potasit (K) nga lidhjet e&hellip;<\/p>\n","protected":false},"author":2,"featured_media":0,"parent":0,"menu_order":0,"comment_status":"closed","ping_status":"closed","template":"","meta":{"footnotes":""},"class_list":["post-1045","page","type-page","status-publish","hentry","description-off"],"_links":{"self":[{"href":"https:\/\/agrohelp.al\/index.php\/wp-json\/wp\/v2\/pages\/1045","targetHints":{"allow":["GET"]}}],"collection":[{"href":"https:\/\/agrohelp.al\/index.php\/wp-json\/wp\/v2\/pages"}],"about":[{"href":"https:\/\/agrohelp.al\/index.php\/wp-json\/wp\/v2\/types\/page"}],"author":[{"embeddable":true,"href":"https:\/\/agrohelp.al\/index.php\/wp-json\/wp\/v2\/users\/2"}],"replies":[{"embeddable":true,"href":"https:\/\/agrohelp.al\/index.php\/wp-json\/wp\/v2\/comments?post=1045"}],"version-history":[{"count":2,"href":"https:\/\/agrohelp.al\/index.php\/wp-json\/wp\/v2\/pages\/1045\/revisions"}],"predecessor-version":[{"id":1126,"href":"https:\/\/agrohelp.al\/index.php\/wp-json\/wp\/v2\/pages\/1045\/revisions\/1126"}],"wp:attachment":[{"href":"https:\/\/agrohelp.al\/index.php\/wp-json\/wp\/v2\/media?parent=1045"}],"curies":[{"name":"wp","href":"https:\/\/api.w.org\/{rel}","templated":true}]}}