{"id":106,"date":"2019-02-12T16:19:40","date_gmt":"2019-02-12T16:19:40","guid":{"rendered":"https:\/\/agrohelp.al\/?page_id=106"},"modified":"2025-06-13T08:14:55","modified_gmt":"2025-06-13T08:14:55","slug":"mystic-25-wg","status":"publish","type":"page","link":"https:\/\/agrohelp.al\/index.php\/mystic-25-wg\/","title":{"rendered":"MYSTIC\u00ae 25 WG"},"content":{"rendered":"<div class=\"wpb-content-wrapper\"><p>[vc_row full_width=&#8221;stretch_row_content&#8221;][vc_column width=&#8221;1\/6&#8243;][vc_single_image image=&#8221;54&#8243; img_size=&#8221;full&#8221; alignment=&#8221;right&#8221; image_hovers=&#8221;false&#8221;][\/vc_column][vc_column width=&#8221;2\/3&#8243;][vc_column_text]<\/p>\n<p style=\"text-align: center;\"><span style=\"color: #000000;\"> Fungicid sistemik me veprim parambrojtes, kurues dhe crenjoses per luftimin e hirit, kromave, kalbezimeve dhe semundjeve te tjera kepurdhore ne peme frutore, vreshtari, perime e drithra. <strong>MYSTIC 25 WG<\/strong> thithet me shpejtesi nga pjeset e gjelbera te gjetheve duke qarkulluar ne drejtim akropetal. Ne saje te depertimit me shpejtesi ne brendesi te lengjeve bimore, nuk rezikohet prej shplarjeve nga reshjet.<br \/>\n<\/span><\/p>\n<p>[\/vc_column_text][\/vc_column][vc_column width=&#8221;1\/6&#8243;][\/vc_column][\/vc_row][vc_row][vc_column width=&#8221;1\/4&#8243;][\/vc_column][vc_column width=&#8221;1\/2&#8243;]<div id=\"ult-carousel-174995958769defcd876a99\" class=\"ult-carousel-wrapper   ult_horizontal\" data-gutter=\"15\" data-rtl=\"false\" ><div class=\"ult-carousel-321101397369defcd87687a \" >[vc_single_image image=&#8221;55&#8243; img_size=&#8221;104 \u00d7 104&#8243; alignment=&#8221;center&#8221; image_hovers=&#8221;false&#8221;][vc_single_image image=&#8221;58&#8243; img_size=&#8221;104 \u00d7 104&#8243; alignment=&#8221;center&#8221; image_hovers=&#8221;false&#8221;][vc_single_image image=&#8221;56&#8243; img_size=&#8221;104 \u00d7 104&#8243; alignment=&#8221;center&#8221; image_hovers=&#8221;false&#8221;][vc_single_image image=&#8221;96&#8243; img_size=&#8221;104 \u00d7 104&#8243; alignment=&#8221;center&#8221; image_hovers=&#8221;false&#8221;][vc_single_image image=&#8221;88&#8243; img_size=&#8221;104 \u00d7 104&#8243; alignment=&#8221;center&#8221; image_hovers=&#8221;false&#8221;][vc_single_image image=&#8221;107&#8243; img_size=&#8221;104 \u00d7 104&#8243; alignment=&#8221;center&#8221; image_hovers=&#8221;false&#8221;]<\/div><\/div>\t\t\t<script type=\"text\/javascript\">\n\t\t\t\tjQuery(document).ready(function ($) {\n\t\t\t\t\tif( typeof jQuery('.ult-carousel-321101397369defcd87687a').slick == \"function\"){\n\t\t\t\t\t\t$('.ult-carousel-321101397369defcd87687a').slick({dots: false,autoplay: true,autoplaySpeed: \"2000\",speed: \"2000\",infinite: true,arrows: false,slidesToScroll:4,slidesToShow:4,swipe: true,draggable: true,touchMove: true,pauseOnHover: true,pauseOnFocus: false,responsive: [\n\t\t\t\t\t\t\t{\n\t\t\t\t\t\t\t  breakpoint: 1026,\n\t\t\t\t\t\t\t  settings: {\n\t\t\t\t\t\t\t\tslidesToShow: 4,\n\t\t\t\t\t\t\t\tslidesToScroll: 4,  \n\t\t\t\t\t\t\t  }\n\t\t\t\t\t\t\t},\n\t\t\t\t\t\t\t{\n\t\t\t\t\t\t\t  breakpoint: 1025,\n\t\t\t\t\t\t\t  settings: {\n\t\t\t\t\t\t\t\tslidesToShow: 1,\n\t\t\t\t\t\t\t\tslidesToScroll: 1\n\t\t\t\t\t\t\t  }\n\t\t\t\t\t\t\t},\n\t\t\t\t\t\t\t{\n\t\t\t\t\t\t\t  breakpoint: 760,\n\t\t\t\t\t\t\t  settings: {\n\t\t\t\t\t\t\t\tslidesToShow: 1,\n\t\t\t\t\t\t\t\tslidesToScroll: 1\n\t\t\t\t\t\t\t  }\n\t\t\t\t\t\t\t}\n\t\t\t\t\t\t],pauseOnDotsHover: true,customPaging: function(slider, i) {\n                   return '<i type=\"button\" style= \"color:#333333;\" class=\"ultsl-record\" data-role=\"none\"><\/i>';\n                },});\n\t\t\t\t\t}\n\t\t\t\t});\n\t\t\t<\/script>\n\t\t\t[\/vc_column][vc_column width=&#8221;1\/4&#8243;][\/vc_column][\/vc_row][vc_row][vc_column][vc_empty_space height=&#8221;25px&#8221;]<div class=\"standard-arrow list-divider bullet-top\"><ul>\n<li><strong><span style=\"color: #3366ff;\">Permbajtja<\/span><\/strong> : \u00a0<span style=\"color: #000000;\">250 gr\/kg Tebuconazole<\/span><\/li>\n<li><strong><span style=\"color: #3366ff;\">Formulimi<\/span> <\/strong>: <span style=\"color: #000000;\">Granula te dispergueshme ne uje<\/span><\/li>\n<li><span style=\"color: #3366ff;\"><strong>Karenca<\/strong>\u00a0<span style=\"color: #000000;\">:<\/span><\/span><span style=\"color: #000000;\"> Domate, speca, kungull 3 dite; trangull dhe kungullore te tjera, pjeshke, nektarina, qershi, kajsi, kumbulla, 7 dite; rrush 14 dite; dardhe 15 dite; molle 30 dite; te lashta trajtimet nderpriten ne fund te lulezimit.<\/span><\/li>\n<\/ul>\n<\/div>[\/vc_column][\/vc_row][vc_row][vc_column][vc_custom_heading text=&#8221;P\u00ebrdorimi&#8221; font_container=&#8221;tag:h2|text_align:center|color:%231e73be&#8221; google_fonts=&#8221;font_family:Merienda%3Aregular%2C700|font_style:400%20regular%3A400%3Anormal&#8221;][vc_empty_space height=&#8221;22px&#8221;][\/vc_column][\/vc_row][vc_row][vc_column][vc_tta_tabs color=&#8221;blue&#8221; spacing=&#8221;3&#8243; gap=&#8221;3&#8243; alignment=&#8221;center&#8221; active_section=&#8221;1&#8243;][vc_tta_section title=&#8221;MOLLE, DARDHE&#8221; tab_id=&#8221;1549981049149-80da51b1-b3809720-6b6c&#8221;][vc_column_text]<\/p>\n<p style=\"text-align: justify;\"><span style=\"color: #000000;\"><strong>Kunder kromes<\/strong> (Venturia inaequalis,V.pirina) :<\/span><br \/>\n<span style=\"color: #000000;\"><strong>Ne trajtimet preventive<\/strong> me doze 40-50 gr\/100 lit.uje duke filluar nga butonat roze dhe deri kur fruti arin madhesine e kokres se ares, trajtimet perseriten cdo 6-8 dite dhe me pase cdo 10-15 dite. Ne mot me legeshti dhe intensitet te larte te semundjes rekomandohet perzierja me Kaptan, Syllit ose Penncozeb per te kombinuar veprimin sistemik me ate te kontaktit.<\/span><br \/>\n<span style=\"color: #000000;\"><strong>Ne trajtimet kurative<\/strong> me doze 40-50 gr\/100 lit.uje ,trajtimet kryhen jo me vone se 72-96 ore pas renies se reshjeve (fillimit te infeksionit).<\/span><br \/>\n<span style=\"color: #000000;\"><strong>Kunder Hirit<\/strong> ( Podosphaera leucotricha) : me doze 40-50 gr\/100 lit.uje. Kunder njollosjes kafe ( Stemphylium vesicarium)me doze 50-75 gr.\/100 lit.uje. Volumi ujit per hektar 1400-1800 litra.<\/span><\/p>\n<p>[\/vc_column_text][\/vc_tta_section][vc_tta_section title=&#8221;B\u00cbRTHAMORE&#8221; tab_id=&#8221;1549981356521-b7b06a28-47459720-6b6c&#8221;][vc_column_text]Kunder monilies\u00a0<em>(Monilia sp.)<\/em>\u00a0dhe kalbezimit gri\u00a0<em>(Botrytis sp.)\u00a0<\/em>kryhen 1-2 trajtimet e para\u00a0 gjate lulezimit dhe\u00a0 rezimit te petaleve dhe 1-2 trajtime te tjera\u00a0 kryhen para vjeljes ne intervale 7 ditore me doze 50-75 gr.\/100 lit.uje; kunder hirit\u00a0<em>( Sphaerotheca pannosa)<\/em>\u00a0me doze 50-75 gr.\/100 lit.uje, trajtimi i pare krryhet ne momentin e renies se petaleve dhe trajtimi i dyte kur fruit\u00a0 arrin madhesine e kokres se arres; kunder ndryshkut te kumbulles kryhen 1-2 trajtime me cfaqien e simptomave te para me doze 50 gr.\/100 lit.uje. Volumi ujit per hektar 1400-1600 litra.[\/vc_column_text][\/vc_tta_section][vc_tta_section title=&#8221;VRESHTA&#8221; tab_id=&#8221;1549981049173-2221499d-44349720-6b6c&#8221;][vc_column_text]Kunder hirit<em> (Uncinula necator)<\/em> me doze 40 gr\/100lit.uje duke perseritur trajtimet cdo 10 dite. Ne kushtet kur favoriziohen infeksione te renda Mystic 25 WG perzihet me Mikrothiol Disperss ose Karathane. Volumi ujit per hektar 1000-1400 litra.[\/vc_column_text][\/vc_tta_section][vc_tta_section title=&#8221;PERIME&#8221; tab_id=&#8221;1549981422663-b25b877e-4c269720-6b6c&#8221;][vc_column_text]Kunder hirit (<em>Erysiphe cichoracearum<\/em>,\u00a0<em>Sphaeroteca fuliginea<\/em>,\u00a0<em>Leveillula taurica)\u00a0<\/em>ndryshkut (<em>Puccinia spp),\u00a0<\/em>me konstatimin e shenjave te para\u00a0\u00a0 trajtohet cdo 7-10 dite me doze 50 gr.\/100 lit.uje.<\/p>\n<p>[\/vc_column_text][\/vc_tta_section][vc_tta_section title=&#8221;DRITHRA&#8221; tab_id=&#8221;1549981414511-8b5cbd33-0bad9720-6b6c&#8221;][vc_column_text]Kunder kalbezimit te qafes\u00a0<em>( Pseudocerposporella herpotrichoides,Ophiobolius\u00a0 graminis)<\/em>\u00a0trajtimi kryhet ne fillim te ngritjes; kunder hirit\u00a0<em>(Erysiphe graminis)<\/em>dhe ndryshkut\u00a0<em>( Puccimia spp.)<\/em>\u00a0\u00a0trajtimi kryhet me konstatimin e shenjave te para; kunder\u00a0<em>Pyrenophora teres, Rynchosporium secalis<\/em>\u00a0trajtimi kryhet ne fazen ngritje-kallezim;\u00a0 kunder fuzariozes se kallirit\u00a0<em>(Fusaarium spp.)<\/em>\u00a0trajtimi kryhet ne fazen e lulezimit te plote; kunder septoriozes (Septoria spp.) trajtimi kryhet ne fazen \u00a0ngritje-kallezim. Doza e perdorimit 1 kg per hektar.[\/vc_column_text][\/vc_tta_section][vc_tta_section title=&#8221;TAPETET JESHILE&#8221; tab_id=&#8221;1549981440823-d9d32c59-81f49720-6b6c&#8221;][vc_column_text]<\/p>\n<p style=\"text-align: justify;\"><span style=\"color: #000000;\">Kunder <em>Microdocium nivale<\/em>,<em> Sclerotinia homeocarpa<\/em>, dhe <em>Rizoctonia solani<\/em> me doze 1.5-2 kg \/ha me 600-800 liter uje. Trajtimi kryhet me konstatimin e shenjave te para dhe perseritet cdo 10-20 dite.<\/span><\/p>\n<p>[\/vc_column_text][\/vc_tta_section][vc_tta_section title=&#8221;PERIME T\u00cb TJERA&#8221; tab_id=&#8221;1549988328757-d9ca3ee2-12c4&#8243;][vc_column_text]<\/p>\n<p style=\"text-align: left;\">Fasule, Bizele, Lak\u00ebr, Lulelak\u00ebr, Brokoli, Karrot\u00eb etj. p\u00ebr luftimin e vrugjeve, antraknozave, septoriozave dhe bakteriozave me doz\u00eb 150gr\/100 lit uj\u00eb.<\/p>\n<p>[\/vc_column_text][\/vc_tta_section][\/vc_tta_tabs][\/vc_column][\/vc_row][vc_row][vc_column][vc_custom_heading text=&#8221;V\u00ebrejtje p\u00ebr p\u00ebrdorimin&#8221; font_container=&#8221;tag:h2|text_align:center|color:%231e73be&#8221; google_fonts=&#8221;font_family:Merienda%3Aregular%2C700|font_style:400%20regular%3A400%3Anormal&#8221;][vc_empty_space height=&#8221;22px&#8221;][\/vc_column][\/vc_row][vc_row][vc_column][vc_message icon_fontawesome=&#8221;fa fa-exclamation-triangle&#8221;]<\/p>\n<p style=\"text-align: center;\"><span style=\"color: #000000;\">Mystic 25 WG perzihet te gjitha fungicidet the insekticidet qe kane reaksion neutral.<\/span><\/p>\n<p>&nbsp;<\/p>\n<p>[\/vc_message][\/vc_column][\/vc_row][vc_row][vc_column][vc_custom_heading text=&#8221;Ndikim n\u00eb ekosistem&#8221; font_container=&#8221;tag:h2|text_align:center|color:%231e73be&#8221; google_fonts=&#8221;font_family:Merienda%3Aregular%2C700|font_style:400%20regular%3A400%3Anormal&#8221;][vc_empty_space height=&#8221;22px&#8221;][\/vc_column][\/vc_row][vc_row][vc_column][vc_message]<\/p>\n<p style=\"text-align: center;\"><span style=\"color: #000000;\">Nuk eshte helmues per insektet e dobishme, kafshet shtepiake, peshqit dhe kafshet e egra. Mos ndotni basenet, pellgjet dhe ruget e ujit me produktin ose ambalazhin bosh. Mos kryeni me shume se 3 trajtime per sezon.<\/span><\/p>\n<p>[\/vc_message][\/vc_column][\/vc_row]<\/p>\n<\/div>","protected":false},"excerpt":{"rendered":"<p>[vc_row full_width=&#8221;stretch_row_content&#8221;][vc_column width=&#8221;1\/6&#8243;][vc_single_image image=&#8221;54&#8243; img_size=&#8221;full&#8221; alignment=&#8221;right&#8221; image_hovers=&#8221;false&#8221;][\/vc_column][vc_column width=&#8221;2\/3&#8243;][vc_column_text] Fungicid sistemik me veprim parambrojtes, kurues dhe crenjoses per luftimin e hirit, kromave, kalbezimeve dhe semundjeve te tjera kepurdhore ne peme frutore, vreshtari, perime e drithra. MYSTIC 25 WG thithet me shpejtesi nga pjeset e gjelbera te gjetheve duke qarkulluar ne drejtim akropetal. Ne saje te depertimit&hellip;<\/p>\n","protected":false},"author":2,"featured_media":0,"parent":0,"menu_order":0,"comment_status":"closed","ping_status":"closed","template":"","meta":{"footnotes":""},"class_list":["post-106","page","type-page","status-publish","hentry","description-off"],"_links":{"self":[{"href":"https:\/\/agrohelp.al\/index.php\/wp-json\/wp\/v2\/pages\/106","targetHints":{"allow":["GET"]}}],"collection":[{"href":"https:\/\/agrohelp.al\/index.php\/wp-json\/wp\/v2\/pages"}],"about":[{"href":"https:\/\/agrohelp.al\/index.php\/wp-json\/wp\/v2\/types\/page"}],"author":[{"embeddable":true,"href":"https:\/\/agrohelp.al\/index.php\/wp-json\/wp\/v2\/users\/2"}],"replies":[{"embeddable":true,"href":"https:\/\/agrohelp.al\/index.php\/wp-json\/wp\/v2\/comments?post=106"}],"version-history":[{"count":3,"href":"https:\/\/agrohelp.al\/index.php\/wp-json\/wp\/v2\/pages\/106\/revisions"}],"predecessor-version":[{"id":1219,"href":"https:\/\/agrohelp.al\/index.php\/wp-json\/wp\/v2\/pages\/106\/revisions\/1219"}],"wp:attachment":[{"href":"https:\/\/agrohelp.al\/index.php\/wp-json\/wp\/v2\/media?parent=106"}],"curies":[{"name":"wp","href":"https:\/\/api.w.org\/{rel}","templated":true}]}}