{"id":112,"date":"2019-02-12T16:43:57","date_gmt":"2019-02-12T16:43:57","guid":{"rendered":"https:\/\/agrohelp.al\/?page_id=112"},"modified":"2025-06-13T08:16:06","modified_gmt":"2025-06-13T08:16:06","slug":"optix-r-disperss","status":"publish","type":"page","link":"https:\/\/agrohelp.al\/index.php\/optix-r-disperss\/","title":{"rendered":"OPTIX\u00ae R DISPERSS"},"content":{"rendered":"<div class=\"wpb-content-wrapper\"><p>[vc_row full_width=&#8221;stretch_row_content&#8221;][vc_column width=&#8221;1\/6&#8243;][vc_single_image image=&#8221;54&#8243; img_size=&#8221;full&#8221; alignment=&#8221;right&#8221; image_hovers=&#8221;false&#8221;][\/vc_column][vc_column width=&#8221;2\/3&#8243;][vc_column_text]<\/p>\n<p style=\"text-align: center;\"><span style=\"color: #000000;\"><strong> OPTIX R DISPERSS<\/strong> eshte fungicid-baktericid me veprim system dhe kontakti . Dallohet per mekanizmin e veprimi te dyfishte, ku veprimi i zgjatur i HIDROKSISULFATIT TE BAKRIT (shkaterues sporeve) dhe veprimi i spikatur sistemik dhe nxites i rezistences natyrale te FOSETYLIT TE ALUMINIT ( frenues i formimit te sporeve) e bejne OTIX R DISPERSS te kete nje efektivitet te larte ne trajtimet kurative dhe parambrojtese per luftimin e vrugjeve dhe semundjeve bakteriale ne vreshta, kungullore, domate e perime te tjera. Nga ana tjeter teknologjia e formulimit \u201cDISPERSS\u201d siguron nje shperndarje dhe ngjitshmeri te shkelqyer si dhe rezistence te larte nga shplarjet prej rreshjeve.<\/span><\/p>\n<p>[\/vc_column_text][\/vc_column][vc_column width=&#8221;1\/6&#8243;][\/vc_column][\/vc_row][vc_row][vc_column width=&#8221;1\/4&#8243;][\/vc_column][vc_column width=&#8221;1\/2&#8243;]<div id=\"ult-carousel-39288469769f20a5999cf8\" class=\"ult-carousel-wrapper   ult_horizontal\" data-gutter=\"15\" data-rtl=\"false\" ><div class=\"ult-carousel-191139350269f20a5999bf5 \" >[vc_single_image image=&#8221;55&#8243; img_size=&#8221;104 \u00d7 104&#8243; alignment=&#8221;center&#8221; image_hovers=&#8221;false&#8221;][vc_single_image image=&#8221;65&#8243; img_size=&#8221;104 \u00d7 104&#8243; alignment=&#8221;center&#8221; image_hovers=&#8221;false&#8221;][vc_single_image image=&#8221;71&#8243; img_size=&#8221;104 \u00d7 104&#8243; alignment=&#8221;center&#8221; image_hovers=&#8221;false&#8221;][vc_single_image image=&#8221;113&#8243; img_size=&#8221;104 \u00d7 104&#8243; alignment=&#8221;center&#8221; image_hovers=&#8221;false&#8221;][vc_single_image image=&#8221;57&#8243; img_size=&#8221;104 \u00d7 104&#8243; alignment=&#8221;center&#8221; image_hovers=&#8221;false&#8221;]<\/div><\/div>\t\t\t<script type=\"text\/javascript\">\n\t\t\t\tjQuery(document).ready(function ($) {\n\t\t\t\t\tif( typeof jQuery('.ult-carousel-191139350269f20a5999bf5').slick == \"function\"){\n\t\t\t\t\t\t$('.ult-carousel-191139350269f20a5999bf5').slick({dots: false,autoplay: true,autoplaySpeed: \"2000\",speed: \"2000\",infinite: true,arrows: false,slidesToScroll:4,slidesToShow:4,swipe: true,draggable: true,touchMove: true,pauseOnHover: true,pauseOnFocus: false,responsive: [\n\t\t\t\t\t\t\t{\n\t\t\t\t\t\t\t  breakpoint: 1026,\n\t\t\t\t\t\t\t  settings: {\n\t\t\t\t\t\t\t\tslidesToShow: 4,\n\t\t\t\t\t\t\t\tslidesToScroll: 4,  \n\t\t\t\t\t\t\t  }\n\t\t\t\t\t\t\t},\n\t\t\t\t\t\t\t{\n\t\t\t\t\t\t\t  breakpoint: 1025,\n\t\t\t\t\t\t\t  settings: {\n\t\t\t\t\t\t\t\tslidesToShow: 1,\n\t\t\t\t\t\t\t\tslidesToScroll: 1\n\t\t\t\t\t\t\t  }\n\t\t\t\t\t\t\t},\n\t\t\t\t\t\t\t{\n\t\t\t\t\t\t\t  breakpoint: 760,\n\t\t\t\t\t\t\t  settings: {\n\t\t\t\t\t\t\t\tslidesToShow: 1,\n\t\t\t\t\t\t\t\tslidesToScroll: 1\n\t\t\t\t\t\t\t  }\n\t\t\t\t\t\t\t}\n\t\t\t\t\t\t],pauseOnDotsHover: true,customPaging: function(slider, i) {\n                   return '<i type=\"button\" style= \"color:#333333;\" class=\"ultsl-record\" data-role=\"none\"><\/i>';\n                },});\n\t\t\t\t\t}\n\t\t\t\t});\n\t\t\t<\/script>\n\t\t\t[\/vc_column][vc_column width=&#8221;1\/4&#8243;][\/vc_column][\/vc_row][vc_row][vc_column][vc_empty_space height=&#8221;25px&#8221;]<div class=\"standard-arrow list-divider bullet-top\"><ul>\n<li><strong><span style=\"color: #3366ff;\">Permbajtja<\/span><\/strong> : Fosetyl aluminum 20% : Baker metalik 15%<\/li>\n<li><strong><span style=\"color: #3366ff;\">Formulimi<\/span> <\/strong>: <span style=\"color: #000000;\">Granula te dispergueshme ne uje<\/span><\/li>\n<li><span style=\"color: #3366ff;\"><strong>Karenca<\/strong>\u00a0<span style=\"color: #000000;\">:<\/span><\/span><span style=\"color: #000000;\"> 15 dit\u00eb<\/span><\/li>\n<\/ul>\n<\/div>[\/vc_column][\/vc_row][vc_row][vc_column][vc_custom_heading text=&#8221;P\u00ebrdorimi&#8221; font_container=&#8221;tag:h2|text_align:center|color:%231e73be&#8221; google_fonts=&#8221;font_family:Merienda%3Aregular%2C700|font_style:400%20regular%3A400%3Anormal&#8221;][vc_empty_space height=&#8221;22px&#8221;][\/vc_column][\/vc_row][vc_row][vc_column][vc_tta_tabs color=&#8221;blue&#8221; spacing=&#8221;3&#8243; gap=&#8221;3&#8243; alignment=&#8221;center&#8221; active_section=&#8221;1&#8243;][vc_tta_section title=&#8221;VRESHTA&#8221; tab_id=&#8221;1549981049149-80da51b1-b380910c-f280&#8243;][vc_column_text]<\/p>\n<p style=\"text-align: justify;\"><span style=\"color: #000000;\">Kunder vrugut <em>(Plasmopara viticola)<\/em>, kalbezimit gri <em>(Botrytis cinerea)<\/em> dhe bakteriozave. Trajtimet fillojne kur lastari arrin 10 cm me doze 0.5%, ne infeksione te renda doza mund te shkoje 0.6%.<\/span><\/p>\n<p>[\/vc_column_text][\/vc_tta_section][vc_tta_section title=&#8221;DOMATE&#8221; tab_id=&#8221;1549981356521-b7b06a28-4745910c-f280&#8243;][vc_column_text]<\/p>\n<p style=\"text-align: justify;\"><span style=\"color: #000000;\">Ne sera dhe fushe kunder vrugut<em> (Phytophthora infestans)<\/em>, alternaries <em>(Alternaria solani)<\/em> dhe bakteriozave si <em>(Pseudomonas spp., Xanthomonas vessicatoria, Corynebacterium michiganense)<\/em> me doze 400-600 gram per dynym.<\/span><\/p>\n<p>[\/vc_column_text][\/vc_tta_section][vc_tta_section title=&#8221;TRANGULL, PJEP\u00cbR, SHALQIN&#8221; tab_id=&#8221;1549981049173-2221499d-4434910c-f280&#8243;][vc_column_text]<\/p>\n<p style=\"text-align: justify;\"><span style=\"color: #000000;\">Kunder vrugut <em>(Pseudoperonospora cubensis)<\/em>, antraknozes <em>(Colletotricum lagenarum)<\/em>, njollosjes kafe <em>(Cladosporium cucumerinum)<\/em>, bakteriozes lotuese <em>(Pseudomonas lachrymans)<\/em> me doze 400-600 gram per dynym.<\/span><\/p>\n<p>[\/vc_column_text][\/vc_tta_section][vc_tta_section title=&#8221;PATATE&#8221; tab_id=&#8221;1549981422663-b25b877e-4c26910c-f280&#8243;][vc_column_text]<\/p>\n<p style=\"text-align: justify;\"><span style=\"color: #000000;\">Kunder vrugut <em>(Phytophthora infestans)<\/em> kalbezimit unazor <em>(Ralstonia solani)<\/em> dhe kembezezes <em>(Pseudomonas.sp)<\/em>. me doze 400-600 gram per dynym Trajtimet fillojne kur bima arrin lartesine 20-30 cm dhe perseriten cdo 7-10 dite ne vartesi te intensitetit te semundjes.<\/span><\/p>\n<p>[\/vc_column_text][\/vc_tta_section][vc_tta_section title=&#8221;SALLAT\u00cb&#8221; tab_id=&#8221;1549981414511-8b5cbd33-0bad910c-f280&#8243;][vc_column_text]<\/p>\n<p style=\"text-align: justify;\"><span style=\"color: #000000;\">Kunder vrugut (Bremia lactucae) dhe bakteriozave me doze 400-600 gram per dynym. Per varietete te reja duhet te behet prova per fitotoksicitet.<\/span><\/p>\n<p>[\/vc_column_text][\/vc_tta_section][vc_tta_section title=&#8221;AGRUME&#8221; tab_id=&#8221;1549981440823-d9d32c59-81f4910c-f280&#8243;][vc_column_text]<\/p>\n<p style=\"text-align: justify;\"><span style=\"color: #000000;\">Kunder kalbezimit te frutave <em>(Phytophthora sp.)<\/em> , kalbezimit te qafave <em>(Pythium sp.)<\/em> dhe vrugut te qafave <em>(Phythophthora cactorum)<\/em>, antraknozes<em> (Glomerella cingulata)<\/em>, mal secco-s <em>(Phoma tracheiphila)<\/em> me doze 0.5%.<\/span><\/p>\n<p>[\/vc_column_text][\/vc_tta_section][vc_tta_section title=&#8221;N\u00cb T\u00cb GJITHA KULTURAT&#8221; tab_id=&#8221;1549989781413-ebd6b505-9cd9&#8243;][vc_column_text]<\/p>\n<p style=\"text-align: left;\"><span style=\"color: #000000;\">Kur kryejm trajtime te lokalizuara ose kur bimet jane ne fazat e para, koncentrimi i produktit duhet te jete 0.4-0.5%.<\/span><\/p>\n<p>[\/vc_column_text][\/vc_tta_section][\/vc_tta_tabs][\/vc_column][\/vc_row][vc_row][vc_column][vc_custom_heading text=&#8221;V\u00ebrejtje p\u00ebr p\u00ebrdorimin&#8221; font_container=&#8221;tag:h2|text_align:center|color:%231e73be&#8221; google_fonts=&#8221;font_family:Merienda%3Aregular%2C700|font_style:400%20regular%3A400%3Anormal&#8221;][vc_empty_space height=&#8221;22px&#8221;][\/vc_column][\/vc_row][vc_row][vc_column][vc_message icon_fontawesome=&#8221;fa fa-exclamation-triangle&#8221;]<\/p>\n<p style=\"text-align: center;\"><span style=\"color: #000000;\">Nuk perzihet me Dikofolin, produktet qe permbajne vajra minerale dhe plehera gjethore me permbajtje azoti.<\/span><\/p>\n<p>[\/vc_message][\/vc_column][\/vc_row][vc_row][vc_column][vc_custom_heading text=&#8221;Ndikim n\u00eb ekosistem&#8221; font_container=&#8221;tag:h2|text_align:center|color:%231e73be&#8221; google_fonts=&#8221;font_family:Merienda%3Aregular%2C700|font_style:400%20regular%3A400%3Anormal&#8221;][vc_empty_space height=&#8221;22px&#8221;][\/vc_column][\/vc_row][vc_row][vc_column][vc_message]<\/p>\n<p style=\"text-align: center;\"><span style=\"color: #000000;\">Nuk eshte demtues ndaj bleteve, Eshte demtues ndaj peshqeve dhe organizmave te tjera ujore.<\/span><\/p>\n<p>[\/vc_message][\/vc_column][\/vc_row]<\/p>\n<\/div>","protected":false},"excerpt":{"rendered":"<p>[vc_row full_width=&#8221;stretch_row_content&#8221;][vc_column width=&#8221;1\/6&#8243;][vc_single_image image=&#8221;54&#8243; img_size=&#8221;full&#8221; alignment=&#8221;right&#8221; image_hovers=&#8221;false&#8221;][\/vc_column][vc_column width=&#8221;2\/3&#8243;][vc_column_text] OPTIX R DISPERSS eshte fungicid-baktericid me veprim system dhe kontakti . Dallohet per mekanizmin e veprimi te dyfishte, ku veprimi i zgjatur i HIDROKSISULFATIT TE BAKRIT (shkaterues sporeve) dhe veprimi i spikatur sistemik dhe nxites i rezistences natyrale te FOSETYLIT TE ALUMINIT ( frenues i formimit te&hellip;<\/p>\n","protected":false},"author":2,"featured_media":0,"parent":0,"menu_order":0,"comment_status":"closed","ping_status":"closed","template":"","meta":{"footnotes":""},"class_list":["post-112","page","type-page","status-publish","hentry","description-off"],"_links":{"self":[{"href":"https:\/\/agrohelp.al\/index.php\/wp-json\/wp\/v2\/pages\/112","targetHints":{"allow":["GET"]}}],"collection":[{"href":"https:\/\/agrohelp.al\/index.php\/wp-json\/wp\/v2\/pages"}],"about":[{"href":"https:\/\/agrohelp.al\/index.php\/wp-json\/wp\/v2\/types\/page"}],"author":[{"embeddable":true,"href":"https:\/\/agrohelp.al\/index.php\/wp-json\/wp\/v2\/users\/2"}],"replies":[{"embeddable":true,"href":"https:\/\/agrohelp.al\/index.php\/wp-json\/wp\/v2\/comments?post=112"}],"version-history":[{"count":3,"href":"https:\/\/agrohelp.al\/index.php\/wp-json\/wp\/v2\/pages\/112\/revisions"}],"predecessor-version":[{"id":1220,"href":"https:\/\/agrohelp.al\/index.php\/wp-json\/wp\/v2\/pages\/112\/revisions\/1220"}],"wp:attachment":[{"href":"https:\/\/agrohelp.al\/index.php\/wp-json\/wp\/v2\/media?parent=112"}],"curies":[{"name":"wp","href":"https:\/\/api.w.org\/{rel}","templated":true}]}}