{"id":1171,"date":"2025-06-12T10:49:18","date_gmt":"2025-06-12T10:49:18","guid":{"rendered":"https:\/\/agrohelp.al\/?page_id=1171"},"modified":"2025-06-13T08:34:51","modified_gmt":"2025-06-13T08:34:51","slug":"sporax","status":"publish","type":"page","link":"https:\/\/agrohelp.al\/index.php\/sporax\/","title":{"rendered":"SPORAX"},"content":{"rendered":"<div class=\"wpb-content-wrapper\"><p>[vc_row full_width=&#8221;stretch_row_content&#8221;][vc_column width=&#8221;1\/6&#8243;][vc_single_image image=&#8221;54&#8243; img_size=&#8221;full&#8221; alignment=&#8221;right&#8221; image_hovers=&#8221;false&#8221;][\/vc_column][vc_column width=&#8221;2\/3&#8243;][vc_column_text css=&#8221;&#8221;]<\/p>\n<p style=\"text-align: center;\">SPORAX eshte fungicid sistemik me levizje te dyfishte ne sistemin vaskualar te bimve si nga renjet ne dretim te gjetheve ashtu edhe anasjelltas, prej nga ka gjetur perdorim ne luftimin e kepurdhat <em>Oomycete <\/em>si <em>Pythium, Phytophthora, Pseudoperonospora, Bremia <\/em>te cilat \u00e7faqen si ne toke ashtu dhe ne masen e gjelber. SPORAX ka efekt stimulues ne zhvillimin e sistemit rrenjor dhe ate vegjetativ te bimeve te trajtuara ne fazat e para.<\/p>\n<p>[\/vc_column_text][\/vc_column][vc_column width=&#8221;1\/6&#8243;][\/vc_column][\/vc_row][vc_row][vc_column width=&#8221;1\/4&#8243;][\/vc_column][vc_column width=&#8221;1\/2&#8243;]<div id=\"ult-carousel-276749935769e5d1a83ea65\" class=\"ult-carousel-wrapper   ult_horizontal\" data-gutter=\"15\" data-rtl=\"false\" ><div class=\"ult-carousel-42526127569e5d1a83e994 \" >[vc_single_image image=&#8221;55&#8243; img_size=&#8221;104 \u00d7 104&#8243; alignment=&#8221;center&#8221; image_hovers=&#8221;false&#8221;][vc_single_image image=&#8221;56&#8243; img_size=&#8221;104 \u00d7 104&#8243; alignment=&#8221;center&#8221; image_hovers=&#8221;false&#8221;][vc_single_image image=&#8221;57&#8243; img_size=&#8221;104 \u00d7 104&#8243; alignment=&#8221;center&#8221; image_hovers=&#8221;false&#8221;][vc_single_image image=&#8221;59&#8243; img_size=&#8221;104 \u00d7 104&#8243; alignment=&#8221;center&#8221; image_hovers=&#8221;false&#8221;][vc_single_image image=&#8221;58&#8243; img_size=&#8221;104 \u00d7 104&#8243; alignment=&#8221;center&#8221; image_hovers=&#8221;false&#8221;]<\/div><\/div>\t\t\t<script type=\"text\/javascript\">\n\t\t\t\tjQuery(document).ready(function ($) {\n\t\t\t\t\tif( typeof jQuery('.ult-carousel-42526127569e5d1a83e994').slick == \"function\"){\n\t\t\t\t\t\t$('.ult-carousel-42526127569e5d1a83e994').slick({dots: false,autoplay: true,autoplaySpeed: \"2000\",speed: \"2000\",infinite: true,arrows: false,slidesToScroll:4,slidesToShow:4,swipe: true,draggable: true,touchMove: true,pauseOnHover: true,pauseOnFocus: false,responsive: [\n\t\t\t\t\t\t\t{\n\t\t\t\t\t\t\t  breakpoint: 1026,\n\t\t\t\t\t\t\t  settings: {\n\t\t\t\t\t\t\t\tslidesToShow: 4,\n\t\t\t\t\t\t\t\tslidesToScroll: 4,  \n\t\t\t\t\t\t\t  }\n\t\t\t\t\t\t\t},\n\t\t\t\t\t\t\t{\n\t\t\t\t\t\t\t  breakpoint: 1025,\n\t\t\t\t\t\t\t  settings: {\n\t\t\t\t\t\t\t\tslidesToShow: 1,\n\t\t\t\t\t\t\t\tslidesToScroll: 1\n\t\t\t\t\t\t\t  }\n\t\t\t\t\t\t\t},\n\t\t\t\t\t\t\t{\n\t\t\t\t\t\t\t  breakpoint: 760,\n\t\t\t\t\t\t\t  settings: {\n\t\t\t\t\t\t\t\tslidesToShow: 1,\n\t\t\t\t\t\t\t\tslidesToScroll: 1\n\t\t\t\t\t\t\t  }\n\t\t\t\t\t\t\t}\n\t\t\t\t\t\t],pauseOnDotsHover: true,customPaging: function(slider, i) {\n                   return '<i type=\"button\" style= \"color:#333333;\" class=\"ultsl-record\" data-role=\"none\"><\/i>';\n                },});\n\t\t\t\t\t}\n\t\t\t\t});\n\t\t\t<\/script>\n\t\t\t[\/vc_column][vc_column width=&#8221;1\/4&#8243;][\/vc_column][\/vc_row][vc_row][vc_column][vc_empty_space height=&#8221;25px&#8221;]<div class=\"standard-arrow list-divider bullet-top\"><ul>\n<li><span style=\"color: #3366ff;\"><span style=\"color: #3366ff;\"><strong>Permbajtja\u00a0<\/strong><span style=\"color: #000000;\">: <\/span><\/span><\/span><em>722 gr\/lit Propamocarb hcl<\/em><\/li>\n<li><strong><span style=\"color: #3366ff;\">Formulimi<\/span> <\/strong>: <em>Koncentrat i treteshem (SL).<\/em><\/li>\n<li><span style=\"color: #3366ff;\"><strong>Karenca<\/strong>\u00a0<span style=\"color: #000000;\">:<\/span><\/span>P\u00ebr specat, domatet, pat\u00ebllxhan\u00ebt, kastravecat, kunguj t\u00eb njom\u00eb, 3 dit\u00eb ; pjep\u00ebr, shalqi: 14 dit\u00eb; sallaten marule, dhe \u00e7ikore : 21 dit\u00eb<\/li>\n<\/ul>\n<\/div>[\/vc_column][\/vc_row][vc_row][vc_column][vc_custom_heading text=&#8221;P\u00ebrdorimi&#8221; font_container=&#8221;tag:h2|text_align:center|color:%231e73be&#8221; google_fonts=&#8221;font_family:Merienda%3Aregular%2C700|font_style:400%20regular%3A400%3Anormal&#8221;][vc_empty_space height=&#8221;22px&#8221;][\/vc_column][\/vc_row][vc_row][vc_column][vc_tta_tabs color=&#8221;blue&#8221; spacing=&#8221;3&#8243; gap=&#8221;3&#8243; alignment=&#8221;center&#8221; active_section=&#8221;1&#8243;][vc_tta_section title=&#8221;TRAJTIMET GJETHORE&#8221; tab_id=&#8221;1549981049149-80da51b1-b380&#8243;][vc_column_text css=&#8221;&#8221;]Ne patate : Per luftimin e vrugut me 1.4 lit\/ha. Ne domate ne sera dhe ne fushe: 1.4 lit\/ha<\/p>\n<p>Ne kastravec (n\u00eb ser\u00eb): 1,5-1,7 l\/ha me 5-15 hl uj\u00eb \/ha. Ne kungulleshka (n\u00eb fush\u00eb dhe ser\u00eb), Pjep\u00ebr, Shalqi (n\u00eb fush\u00eb): 1,5-3 lit\/ha me 500-1500 lit. uje. Sallate marule (n\u00eb fush\u00eb): 1,5 lit\/ha m 400-1500 lit. uj\u00eb. Filloni trajtimet kur shfaqen kushtet e favorshme p\u00ebr s\u00ebmundjet. Kryhen maksimumi 3 aplikime p\u00ebr sezon te ndar\u00eb \u00e7do 10-15 dit\u00eb.[\/vc_column_text][\/vc_tta_section][vc_tta_section title=&#8221;TRAJTIMET NE TOKE&#8221; tab_id=&#8221;1549981356521-b7b06a28-4745&#8243;][vc_column_text css=&#8221;&#8221;]Ne pjeper, kastravec, kungulli (n\u00eb serr\u00eb), duhan, lule kryhen 1-2 trajtime t\u00eb ndara 7-10 dit\u00eb para ose menj\u00ebher\u00eb pas tranpjantimit me 5-10 ml p\u00ebr m<sup>2<\/sup>\u00a0 me 3-6 litra uj\u00eb.[\/vc_column_text][\/vc_tta_section][vc_tta_section title=&#8221;SHPERNDARJE ME UJITJE ME PIKA&#8221; tab_id=&#8221;1549981049173-2221499d-4434&#8243;][vc_column_text css=&#8221;&#8221;]Ne solanace (domate, pjeper, pat\u00ebllxhan), cucurbitace (kastravec, kungull i njom\u00eb, pjep\u00ebr, shalqi) n\u00eb ser\u00eb: 2 litra\/ha me 500-1500 lit. uje. Kryhen maksimumi 4 trajtime n\u00eb sezon \u00e7do 7-15 dit\u00eb.[\/vc_column_text][\/vc_tta_section][vc_tta_section title=&#8221;BANJEZIMI I BULBAVE TE LULEVE&#8221; tab_id=&#8221;1549981422663-b25b877e-4c26&#8243;][vc_column_text css=&#8221;&#8221;]P\u00ebr t\u00eb kontrolluar <em>Pythium ultimum <\/em>dhe <em>Phytophthora<\/em>. Zhyten bulbat p\u00ebr 20-30 minuta n\u00eb solucion me 0.3%. M\u00eb pas, para mbjelljes, toka trajtohet me 10 ml produkt p\u00ebr m<sup>2<\/sup> me 3-6 lit.uje per te depertuar ne thell\u00ebsi rreth 10-12 cm.[\/vc_column_text][\/vc_tta_section][vc_tta_section title=&#8221;CIKORE, CIKORE E BARDHE&#8221; tab_id=&#8221;1549981414511-8b5cbd33-0bad&#8221;][vc_column_text css=&#8221;&#8221;]Trajtimi i rr\u00ebnj\u00ebs: perdoret 3 litra tret\u00ebsir\u00eb 0.3% p\u00ebr met\u00ebr katror. Aplikimi me fertirigacion: 12.5 ml produkt p\u00ebr 100 litra tret\u00ebsir\u00eb.[\/vc_column_text][\/vc_tta_section][\/vc_tta_tabs][\/vc_column][\/vc_row][vc_row][vc_column][vc_custom_heading text=&#8221;V\u00ebrejtje p\u00ebr p\u00ebrdorimin&#8221; font_container=&#8221;tag:h2|text_align:center|color:%231e73be&#8221; google_fonts=&#8221;font_family:Merienda%3Aregular%2C700|font_style:400%20regular%3A400%3Anormal&#8221;][vc_empty_space height=&#8221;22px&#8221;][\/vc_column][\/vc_row][vc_row][vc_column][vc_message icon_fontawesome=&#8221;&#8221; css=&#8221;&#8221;]<\/p>\n<p style=\"text-align: center;\">Trajtimi i rr\u00ebnj\u00ebs: perdoret 3 litra tret\u00ebsir\u00eb 0.3% p\u00ebr met\u00ebr katror. Aplikimi me fertirigacion: 12.5 ml produkt p\u00ebr 100 litra tret\u00ebsir\u00eb.<\/p>\n<p style=\"text-align: center;\"><span style=\"color: #000000;\"><strong>Fitoksiciteti<\/strong> \u2192 Nuk shkakton toksicitet tek bimet nese perdoret sipas udhezimeve.<\/span><\/p>\n<p>[\/vc_message][\/vc_column][\/vc_row]<\/p>\n<\/div>","protected":false},"excerpt":{"rendered":"<p>[vc_row full_width=&#8221;stretch_row_content&#8221;][vc_column width=&#8221;1\/6&#8243;][vc_single_image image=&#8221;54&#8243; img_size=&#8221;full&#8221; alignment=&#8221;right&#8221; image_hovers=&#8221;false&#8221;][\/vc_column][vc_column width=&#8221;2\/3&#8243;][vc_column_text css=&#8221;&#8221;] SPORAX eshte fungicid sistemik me levizje te dyfishte ne sistemin vaskualar te bimve si nga renjet ne dretim te gjetheve ashtu edhe anasjelltas, prej nga ka gjetur perdorim ne luftimin e kepurdhat Oomycete si Pythium, Phytophthora, Pseudoperonospora, Bremia te cilat \u00e7faqen si ne toke ashtu dhe&hellip;<\/p>\n","protected":false},"author":2,"featured_media":0,"parent":0,"menu_order":0,"comment_status":"closed","ping_status":"closed","template":"","meta":{"footnotes":""},"class_list":["post-1171","page","type-page","status-publish","hentry","description-off"],"_links":{"self":[{"href":"https:\/\/agrohelp.al\/index.php\/wp-json\/wp\/v2\/pages\/1171","targetHints":{"allow":["GET"]}}],"collection":[{"href":"https:\/\/agrohelp.al\/index.php\/wp-json\/wp\/v2\/pages"}],"about":[{"href":"https:\/\/agrohelp.al\/index.php\/wp-json\/wp\/v2\/types\/page"}],"author":[{"embeddable":true,"href":"https:\/\/agrohelp.al\/index.php\/wp-json\/wp\/v2\/users\/2"}],"replies":[{"embeddable":true,"href":"https:\/\/agrohelp.al\/index.php\/wp-json\/wp\/v2\/comments?post=1171"}],"version-history":[{"count":4,"href":"https:\/\/agrohelp.al\/index.php\/wp-json\/wp\/v2\/pages\/1171\/revisions"}],"predecessor-version":[{"id":1227,"href":"https:\/\/agrohelp.al\/index.php\/wp-json\/wp\/v2\/pages\/1171\/revisions\/1227"}],"wp:attachment":[{"href":"https:\/\/agrohelp.al\/index.php\/wp-json\/wp\/v2\/media?parent=1171"}],"curies":[{"name":"wp","href":"https:\/\/api.w.org\/{rel}","templated":true}]}}