{"id":1174,"date":"2025-06-12T11:01:32","date_gmt":"2025-06-12T11:01:32","guid":{"rendered":"https:\/\/agrohelp.al\/?page_id=1174"},"modified":"2025-06-13T08:08:40","modified_gmt":"2025-06-13T08:08:40","slug":"cupra","status":"publish","type":"page","link":"https:\/\/agrohelp.al\/index.php\/cupra\/","title":{"rendered":"CUPRA"},"content":{"rendered":"<div class=\"wpb-content-wrapper\"><p>[vc_row full_width=&#8221;stretch_row_content&#8221;][vc_column width=&#8221;1\/6&#8243;][vc_single_image image=&#8221;54&#8243; img_size=&#8221;full&#8221; alignment=&#8221;right&#8221; image_hovers=&#8221;false&#8221;][\/vc_column][vc_column width=&#8221;2\/3&#8243;][vc_column_text css=&#8221;&#8221;]<\/p>\n<p style=\"text-align: center;\">CUPRA \u00ebsht\u00eb nj\u00eb produkt suspensioni i koncentruar me baz\u00eb bakri n\u00eb form\u00ebn e oksiklorurit p\u00ebr kontrollin e s\u00ebmundjeve t\u00eb ndryshme kepurdhore.<\/p>\n<p>[\/vc_column_text][\/vc_column][vc_column width=&#8221;1\/6&#8243;][\/vc_column][\/vc_row][vc_row][vc_column width=&#8221;1\/4&#8243;][\/vc_column][vc_column width=&#8221;1\/2&#8243;]<div id=\"ult-carousel-329361002069f8a3930dc49\" class=\"ult-carousel-wrapper   ult_horizontal\" data-gutter=\"15\" data-rtl=\"false\" ><div class=\"ult-carousel-340783806269f8a3930db4f \" >[vc_single_image image=&#8221;55&#8243; img_size=&#8221;104 \u00d7 104&#8243; alignment=&#8221;center&#8221; image_hovers=&#8221;false&#8221;][vc_single_image image=&#8221;56&#8243; img_size=&#8221;104 \u00d7 104&#8243; alignment=&#8221;center&#8221; image_hovers=&#8221;false&#8221;][vc_single_image image=&#8221;57&#8243; img_size=&#8221;104 \u00d7 104&#8243; alignment=&#8221;center&#8221; image_hovers=&#8221;false&#8221;][vc_single_image image=&#8221;59&#8243; img_size=&#8221;104 \u00d7 104&#8243; alignment=&#8221;center&#8221; image_hovers=&#8221;false&#8221;][vc_single_image image=&#8221;58&#8243; img_size=&#8221;104 \u00d7 104&#8243; alignment=&#8221;center&#8221; image_hovers=&#8221;false&#8221;]<\/div><\/div>\t\t\t<script type=\"text\/javascript\">\n\t\t\t\tjQuery(document).ready(function ($) {\n\t\t\t\t\tif( typeof jQuery('.ult-carousel-340783806269f8a3930db4f').slick == \"function\"){\n\t\t\t\t\t\t$('.ult-carousel-340783806269f8a3930db4f').slick({dots: false,autoplay: true,autoplaySpeed: \"2000\",speed: \"2000\",infinite: true,arrows: false,slidesToScroll:4,slidesToShow:4,swipe: true,draggable: true,touchMove: true,pauseOnHover: true,pauseOnFocus: false,responsive: [\n\t\t\t\t\t\t\t{\n\t\t\t\t\t\t\t  breakpoint: 1026,\n\t\t\t\t\t\t\t  settings: {\n\t\t\t\t\t\t\t\tslidesToShow: 4,\n\t\t\t\t\t\t\t\tslidesToScroll: 4,  \n\t\t\t\t\t\t\t  }\n\t\t\t\t\t\t\t},\n\t\t\t\t\t\t\t{\n\t\t\t\t\t\t\t  breakpoint: 1025,\n\t\t\t\t\t\t\t  settings: {\n\t\t\t\t\t\t\t\tslidesToShow: 1,\n\t\t\t\t\t\t\t\tslidesToScroll: 1\n\t\t\t\t\t\t\t  }\n\t\t\t\t\t\t\t},\n\t\t\t\t\t\t\t{\n\t\t\t\t\t\t\t  breakpoint: 760,\n\t\t\t\t\t\t\t  settings: {\n\t\t\t\t\t\t\t\tslidesToShow: 1,\n\t\t\t\t\t\t\t\tslidesToScroll: 1\n\t\t\t\t\t\t\t  }\n\t\t\t\t\t\t\t}\n\t\t\t\t\t\t],pauseOnDotsHover: true,customPaging: function(slider, i) {\n                   return '<i type=\"button\" style= \"color:#333333;\" class=\"ultsl-record\" data-role=\"none\"><\/i>';\n                },});\n\t\t\t\t\t}\n\t\t\t\t});\n\t\t\t<\/script>\n\t\t\t[\/vc_column][vc_column width=&#8221;1\/4&#8243;][\/vc_column][\/vc_row][vc_row][vc_column][vc_empty_space height=&#8221;25px&#8221;]<div class=\"standard-arrow list-divider bullet-top\"><ul>\n<li><strong><span style=\"color: #3366ff;\">Permbajtja<\/span><\/strong> : Suspension i koncentruar (SC)<\/li>\n<li><strong><span style=\"color: #3366ff;\">Formulimi<\/span> <\/strong>:Baker metalik: <strong>520<\/strong> <strong>g\/L)<\/strong><\/li>\n<li><span style=\"color: #3366ff;\"><strong>Karenca<\/strong>\u00a0<span style=\"color: #000000;\">: <\/span><\/span>3 dit\u00eb para vjeljes n\u00eb domatet e tryez\u00ebs dhe pat\u00ebllxhan\u00ebt. 10 dit\u00eb per domate p\u00ebr industri; 15 dit\u00eb n\u00eb hardhi (ver\u00eb dhe tavolin\u00eb), ullinj, marule dhe sallata (fush\u00eb e hapur), patate, agrume. N\u00eb frutat farore dhe berthamore pezulloni trajtimet p\u00ebrpara lul\u00ebzimit.<\/li>\n<\/ul>\n<\/div>[\/vc_column][\/vc_row][vc_row][vc_column][vc_custom_heading text=&#8221;P\u00ebrdorimi&#8221; font_container=&#8221;tag:h2|text_align:center|color:%231e73be&#8221; google_fonts=&#8221;font_family:Merienda%3Aregular%2C700|font_style:400%20regular%3A400%3Anormal&#8221;][vc_empty_space height=&#8221;22px&#8221;][\/vc_column][\/vc_row][vc_row][vc_column][vc_tta_tabs color=&#8221;blue&#8221; spacing=&#8221;3&#8243; gap=&#8221;3&#8243; alignment=&#8221;center&#8221; active_section=&#8221;1&#8243;][vc_tta_section title=&#8221;ULLISHTE&#8221; tab_id=&#8221;1549981049149-80da51b1-b380&#8243;][vc_column_text css=&#8221;&#8221;]Per kontrollin e <em>Syrit te Palloit<\/em> dhe <em>Tuberkulozit<\/em> <em>(Pseudomonas spp.)<\/em> kryhet nje trajtim dimeror me 0.3% dhe dy trajime pranverore me 0.25% (2.4-3 lit\/ha) te alternuara me SYLLIT 400 SC.[\/vc_column_text][\/vc_tta_section][vc_tta_section title=&#8221;VRESHTA&#8221; tab_id=&#8221;1549981356521-b7b06a28-4745&#8243;][vc_column_text css=&#8221;&#8221;]Kunder <em>Vrugut, Antraknozes (Elsinoe ampelina), Eskoriozes, Bakteriozes(Xanthomonas spp.)<\/em> dhe semundjeve te tjera qe dimerojne ne pjesen drunore, \u00a0kryhet nje trajtim dimeror sapo jane fryre sythat dhe 2 trajtime pas lulezimit me 0.3% ( 0.25% ne rrushin e tavolines) (1.8-3 lit\/ha).[\/vc_column_text][\/vc_tta_section][vc_tta_section title=&#8221;AGRUME&#8221; tab_id=&#8221;1549981049173-2221499d-4434&#8243;][vc_column_text css=&#8221;&#8221;]Kunder <em>Fitoftores (Phytophthora spp.)<\/em>\u00a0 ne trajtimet dimerore kryhet\u00a0 nje trajtim me 0.1% (1.8-3 lit\/ha).[\/vc_column_text][\/vc_tta_section][vc_tta_section title=&#8221;FARORE&#8221; tab_id=&#8221;1549981422663-b25b877e-4c26&#8243;][vc_column_text css=&#8221;&#8221;]Per kontrollin e <em>Kromes, Tharjes se degeve (Nectria galligena) Bakteriozes (Pseudomonas spp)<\/em> Rekomandohet\u00a0 nje trajtim pas vjeljes dhe nje trajtim i dyte dimeror para fryrjes se sythave \u00a0me doze 0.3% (1.8-3 lit\/ha).[\/vc_column_text][\/vc_tta_section][vc_tta_section title=&#8221;PJESHKE, KAJSI, BERTHAMORE TE TJERA&#8221; tab_id=&#8221;1549981414511-8b5cbd33-0bad&#8221;][vc_column_text css=&#8221;&#8221;]Kunder <em>Tafrinias, Coryneumit, Cytorpores,Polistigmes \u00a0dhe Bakteriozes(Pseudomonas spp.)<\/em> me doze 0.25%-0.3% (2-3 lit\/ha) kryhet nje trajtim me fillimin e renies se gjetheve dhe nje para fryrjes se sythave.[\/vc_column_text][\/vc_tta_section][vc_tta_section title=&#8221;KUMBULL, QERSHI&#8221; tab_id=&#8221;1549981440823-d9d32c59-81f4&#8243;][vc_column_text css=&#8221;&#8221;]Kunder Taphrina deformans, Coryneumit, Monlies,Venturia carpofilla, Polystigma dhe Baktriozes ( Pseudomonas spp) me doze 0.25%-0.3% (2-3 lit\/ha), kryhet nje trajtim me fillimin e renies se gjetheve dhe nje para fryrjes se sythave.[\/vc_column_text][\/vc_tta_section][vc_tta_section title=&#8221;BAJAME&#8221; tab_id=&#8221;1749725865533-ea328e92-c57f&#8221;][vc_column_text css=&#8221;&#8221;]Kunder <em>Tafrinias, Coryneumit(flete birueses), Monilies, Venturia carpophila<\/em> me doze 0.25%-0.3%\u00a0 (2-3 lit\/ha) kryhet nje trajtim me fillimin e renies se gjetheve dhe nje me fryrjen e sythave.[\/vc_column_text][\/vc_tta_section][vc_tta_section title=&#8221;LAJTHI, ARRA&#8221; tab_id=&#8221;1749725901310-fdf573df-04dc&#8221;][vc_column_text css=&#8221;&#8221;]Kunder <em>Moniles\u00a0 dhe Bakteriozave<\/em> me doze 0.25%-0.3% (2-3 lit\/ha) kryhet nje trajtim me fillimin e renies se gjetheve dhe nje para celjes se sythave.[\/vc_column_text][\/vc_tta_section][vc_tta_section title=&#8221;DOMATE&#8221; tab_id=&#8221;1749725924519-f751d853-93ad&#8221;][vc_column_text css=&#8221;&#8221;]Kunde <em>Vrugut (Phytophthora spp.),Sptoriozes, Alternariozes<\/em> duke fillua nga fazat e para te zhivillimit bimor dhe deri\u00a0 3 dite para vjeljesme doze 0.25%- 0.3% (1.8-2.4 lit\/ha)[\/vc_column_text][\/vc_tta_section][vc_tta_section title=&#8221;SALLATE&#8221; tab_id=&#8221;1749725948079-7e326c74-0827&#8243;][vc_column_text css=&#8221;&#8221;]Kunder <em>Pronospores (Bremia Lactuca) ,Antraknozes, Alternaries<\/em> doze 0.25%-0.3% (1.5-2.4 lit\/ha) me konstatimin e shenjave te para te infeksionit.[\/vc_column_text][\/vc_tta_section][vc_tta_section title=&#8221;PATATE&#8221; tab_id=&#8221;1749725972126-0add7346-8c65&#8243;][vc_column_text css=&#8221;&#8221;]Kunder <em>Vrugut, Septoriozes, Alternaries, Antraknozes<\/em> me 0.3% (1.5-3 lit\/ha) duke filluar nga fazat e para te zhvillimit bimr e deri ne vjelje.[\/vc_column_text][\/vc_tta_section][vc_tta_section title=&#8221;SPINAQ&#8221; tab_id=&#8221;1749726004533-a8e5ad43-a420&#8243;][vc_column_text css=&#8221;&#8221;]Kunder <em>Alternaries, Vrugut(Peronospora farinosa) dhe Bakteriozave<\/em>, duke fillua nga fazat e para te zhivillimit bimor dhe deri\u00a0 3 dite para vjeljes me doze 0.25%- 0.3% (1.8-2.4 lit\/ha)[\/vc_column_text][\/vc_tta_section][vc_tta_section title=&#8221;BIME ORNAMENTALE&#8221; tab_id=&#8221;1749726032658-f07a348e-a82c&#8221;][vc_column_text css=&#8221;&#8221;]KundEr semundeve te ndryshme kepurdhore dhe bakteriale si <em>Peronospora spp., Antaknoza, Koltotrikum,\u00a0 Septoria sp. , Ndryshqet , Kormat(Venturi sp.)<\/em> e te tjera me doze 0.25%- 0.3% gjate vegjetacionit.[\/vc_column_text][\/vc_tta_section][\/vc_tta_tabs][\/vc_column][\/vc_row][vc_row][vc_column][vc_custom_heading text=&#8221;V\u00ebrejtje p\u00ebr p\u00ebrdorimin&#8221; font_container=&#8221;tag:h2|text_align:center|color:%231e73be&#8221; google_fonts=&#8221;font_family:Merienda%3Aregular%2C700|font_style:400%20regular%3A400%3Anormal&#8221;][vc_empty_space height=&#8221;22px&#8221;][\/vc_column][\/vc_row][vc_row][vc_column][vc_message icon_fontawesome=&#8221;&#8221; css=&#8221;&#8221;]<\/p>\n<p style=\"text-align: center;\">Kompatibilitet<strong> :<\/strong>\u00cbsht\u00eb <strong><em>i papajtuesh\u00ebm<\/em><\/strong> me produktet q\u00eb p\u00ebrmbajn\u00eb merkur, polisulfid, acid hidrocianik ose p\u00ebrb\u00ebr\u00ebs aktiv\u00eb me reaksione t\u00eb forta acide ose alkaline. N\u00eb rast t\u00eb p\u00ebrzierjes me formulime t\u00eb tjera, duhet t\u00eb respektohen rregullat paraprake t\u00eb p\u00ebrshkruara p\u00ebr produktet m\u00eb toksike si dhe te respektohet periudhe me e gjate e karences dhe masat paraprake per shendetin per produktin me toksik.<\/p>\n<p>[\/vc_message][\/vc_column][\/vc_row]<\/p>\n<\/div>","protected":false},"excerpt":{"rendered":"<p>[vc_row full_width=&#8221;stretch_row_content&#8221;][vc_column width=&#8221;1\/6&#8243;][vc_single_image image=&#8221;54&#8243; img_size=&#8221;full&#8221; alignment=&#8221;right&#8221; image_hovers=&#8221;false&#8221;][\/vc_column][vc_column width=&#8221;2\/3&#8243;][vc_column_text css=&#8221;&#8221;] CUPRA \u00ebsht\u00eb nj\u00eb produkt suspensioni i koncentruar me baz\u00eb bakri n\u00eb form\u00ebn e oksiklorurit p\u00ebr kontrollin e s\u00ebmundjeve t\u00eb ndryshme kepurdhore. [\/vc_column_text][\/vc_column][vc_column width=&#8221;1\/6&#8243;][\/vc_column][\/vc_row][vc_row][vc_column width=&#8221;1\/4&#8243;][\/vc_column][vc_column width=&#8221;1\/2&#8243;][\/vc_column][vc_column width=&#8221;1\/4&#8243;][\/vc_column][\/vc_row][vc_row][vc_column][vc_empty_space height=&#8221;25px&#8221;][\/vc_column][\/vc_row][vc_row][vc_column][vc_custom_heading text=&#8221;P\u00ebrdorimi&#8221; font_container=&#8221;tag:h2|text_align:center|color:%231e73be&#8221; google_fonts=&#8221;font_family:Merienda%3Aregular%2C700|font_style:400%20regular%3A400%3Anormal&#8221;][vc_empty_space height=&#8221;22px&#8221;][\/vc_column][\/vc_row][vc_row][vc_column][vc_tta_tabs color=&#8221;blue&#8221; spacing=&#8221;3&#8243; gap=&#8221;3&#8243; alignment=&#8221;center&#8221; active_section=&#8221;1&#8243;][vc_tta_section title=&#8221;ULLISHTE&#8221; tab_id=&#8221;1549981049149-80da51b1-b380&#8243;][vc_column_text css=&#8221;&#8221;]Per kontrollin e Syrit te Palloit dhe Tuberkulozit&hellip;<\/p>\n","protected":false},"author":2,"featured_media":0,"parent":0,"menu_order":0,"comment_status":"closed","ping_status":"closed","template":"","meta":{"footnotes":""},"class_list":["post-1174","page","type-page","status-publish","hentry","description-off"],"_links":{"self":[{"href":"https:\/\/agrohelp.al\/index.php\/wp-json\/wp\/v2\/pages\/1174","targetHints":{"allow":["GET"]}}],"collection":[{"href":"https:\/\/agrohelp.al\/index.php\/wp-json\/wp\/v2\/pages"}],"about":[{"href":"https:\/\/agrohelp.al\/index.php\/wp-json\/wp\/v2\/types\/page"}],"author":[{"embeddable":true,"href":"https:\/\/agrohelp.al\/index.php\/wp-json\/wp\/v2\/users\/2"}],"replies":[{"embeddable":true,"href":"https:\/\/agrohelp.al\/index.php\/wp-json\/wp\/v2\/comments?post=1174"}],"version-history":[{"count":3,"href":"https:\/\/agrohelp.al\/index.php\/wp-json\/wp\/v2\/pages\/1174\/revisions"}],"predecessor-version":[{"id":1214,"href":"https:\/\/agrohelp.al\/index.php\/wp-json\/wp\/v2\/pages\/1174\/revisions\/1214"}],"wp:attachment":[{"href":"https:\/\/agrohelp.al\/index.php\/wp-json\/wp\/v2\/media?parent=1174"}],"curies":[{"name":"wp","href":"https:\/\/api.w.org\/{rel}","templated":true}]}}