{"id":1185,"date":"2025-06-12T12:24:45","date_gmt":"2025-06-12T12:24:45","guid":{"rendered":"https:\/\/agrohelp.al\/?page_id=1185"},"modified":"2025-06-13T08:54:48","modified_gmt":"2025-06-13T08:54:48","slug":"citrole","status":"publish","type":"page","link":"https:\/\/agrohelp.al\/index.php\/citrole\/","title":{"rendered":"CITROLE"},"content":{"rendered":"<div class=\"wpb-content-wrapper\"><p>[vc_row full_width=&#8221;stretch_row_content&#8221;][vc_column width=&#8221;1\/6&#8243;][vc_single_image image=&#8221;54&#8243; img_size=&#8221;full&#8221; alignment=&#8221;right&#8221; image_hovers=&#8221;false&#8221;][\/vc_column][vc_column width=&#8221;2\/3&#8243;][vc_column_text css=&#8221;&#8221;]<\/p>\n<p style=\"text-align: center;\">CITROLE \u00ebsht\u00eb l\u00ebng i emulsifikuesh\u00ebm i bazuar n\u00eb vaj parafinik shum\u00eb t\u00eb rafinuar me veprim insekticid. N\u00eb thelb vepron me asfiksim, duke mbuluar trupin e insekteve me nj\u00eb shtres\u00eb t\u00eb holl\u00eb dhe duke dep\u00ebrtuar ne menyre kapilare kanalet e tyre trakeale, t\u00eb cilat p\u00ebr rjedhoje bllokimin e tyre, e cila \u00a0pasohet nga nj\u00eb veprim irritues dhe p\u00ebr rrjedhoj\u00eb ngordhjen nga asfiksia. Produkti ehshte vecanerish efekiv ne \u00a0luft\u00ebn kund\u00ebr brshkezave dhe vez\u00ebve t\u00eb kepushave, duke cfaqur \u00a0gjithashtu nje veprim \u00a0ovicid \u00a0dhe repelent kund\u00ebr larvave te insekteve me aparat p\u00ebrtyp\u00ebse.<\/p>\n<p>[\/vc_column_text][\/vc_column][vc_column width=&#8221;1\/6&#8243;][\/vc_column][\/vc_row][vc_row][vc_column width=&#8221;1\/4&#8243;][\/vc_column][vc_column width=&#8221;1\/2&#8243;]<div id=\"ult-carousel-28854569669dec71bef7eb\" class=\"ult-carousel-wrapper   ult_horizontal\" data-gutter=\"15\" data-rtl=\"false\" ><div class=\"ult-carousel-353213289669dec71bef6ef \" >[vc_single_image image=&#8221;161&#8243; img_size=&#8221;104 \u00d7 104&#8243; alignment=&#8221;center&#8221; image_hovers=&#8221;false&#8221;][vc_single_image image=&#8221;162&#8243; img_size=&#8221;104 \u00d7 104&#8243; alignment=&#8221;center&#8221; image_hovers=&#8221;false&#8221;][vc_single_image image=&#8221;163&#8243; img_size=&#8221;104 \u00d7 104&#8243; alignment=&#8221;center&#8221; image_hovers=&#8221;false&#8221;][vc_single_image image=&#8221;164&#8243; img_size=&#8221;104 \u00d7 104&#8243; alignment=&#8221;center&#8221; image_hovers=&#8221;false&#8221;][vc_single_image image=&#8221;165&#8243; img_size=&#8221;104 \u00d7 104&#8243; alignment=&#8221;center&#8221; image_hovers=&#8221;false&#8221;]<\/div><\/div>\t\t\t<script type=\"text\/javascript\">\n\t\t\t\tjQuery(document).ready(function ($) {\n\t\t\t\t\tif( typeof jQuery('.ult-carousel-353213289669dec71bef6ef').slick == \"function\"){\n\t\t\t\t\t\t$('.ult-carousel-353213289669dec71bef6ef').slick({dots: false,autoplay: true,autoplaySpeed: \"2000\",speed: \"2000\",infinite: true,arrows: false,slidesToScroll:4,slidesToShow:4,swipe: true,draggable: true,touchMove: true,pauseOnHover: true,pauseOnFocus: false,responsive: [\n\t\t\t\t\t\t\t{\n\t\t\t\t\t\t\t  breakpoint: 1026,\n\t\t\t\t\t\t\t  settings: {\n\t\t\t\t\t\t\t\tslidesToShow: 4,\n\t\t\t\t\t\t\t\tslidesToScroll: 4,  \n\t\t\t\t\t\t\t  }\n\t\t\t\t\t\t\t},\n\t\t\t\t\t\t\t{\n\t\t\t\t\t\t\t  breakpoint: 1025,\n\t\t\t\t\t\t\t  settings: {\n\t\t\t\t\t\t\t\tslidesToShow: 1,\n\t\t\t\t\t\t\t\tslidesToScroll: 1\n\t\t\t\t\t\t\t  }\n\t\t\t\t\t\t\t},\n\t\t\t\t\t\t\t{\n\t\t\t\t\t\t\t  breakpoint: 760,\n\t\t\t\t\t\t\t  settings: {\n\t\t\t\t\t\t\t\tslidesToShow: 1,\n\t\t\t\t\t\t\t\tslidesToScroll: 1\n\t\t\t\t\t\t\t  }\n\t\t\t\t\t\t\t}\n\t\t\t\t\t\t],pauseOnDotsHover: true,customPaging: function(slider, i) {\n                   return '<i type=\"button\" style= \"color:#333333;\" class=\"ultsl-record\" data-role=\"none\"><\/i>';\n                },});\n\t\t\t\t\t}\n\t\t\t\t});\n\t\t\t<\/script>\n\t\t\t[\/vc_column][vc_column width=&#8221;1\/4&#8243;][\/vc_column][\/vc_row][vc_row][vc_column width=&#8221;2\/3&#8243;][vc_empty_space height=&#8221;25px&#8221;]<div class=\"standard-arrow list-divider bullet-top\"><ul>\n<li><span style=\"color: #ea8d35;\"><strong>Permbajtja<\/strong><\/span> : 96.9%(w\/w) Vaj mineral parafinik<\/li>\n<li><span style=\"color: #ea8d35;\"><strong>Formulimi <\/strong><\/span>:96.9%(w\/w) Vaj mineral parafinik<\/li>\n<li><span style=\"color: #3366ff;\"><span style=\"color: #ea8d35;\"><strong>Karenca<\/strong>\u00a0<\/span><span style=\"color: #000000;\">: <\/span><\/span>1 dit\u00eb<\/li>\n<\/ul>\n<\/div>[\/vc_column][\/vc_row][vc_row][vc_column][vc_custom_heading text=&#8221;P\u00ebrdorimi&#8221; font_container=&#8221;tag:h2|text_align:center|color:%23ea8d35&#8243; google_fonts=&#8221;font_family:Merienda%3Aregular%2C700|font_style:400%20regular%3A400%3Anormal&#8221;][vc_empty_space height=&#8221;22px&#8221;][\/vc_column][\/vc_row][vc_row][vc_column][vc_tta_tabs color=&#8221;sandy-brown&#8221; spacing=&#8221;3&#8243; gap=&#8221;3&#8243; alignment=&#8221;center&#8221; active_section=&#8221;1&#8243;][vc_tta_section title=&#8221;AGRUME&#8221; tab_id=&#8221;1549981049149-80da51b1-b38043a9-127c&#8221;][vc_column_text css=&#8221;&#8221;]Per luftimin e breshkezave (<em>Cocidae<\/em>, <em>Pseudococcidae,<\/em> <em>Diaspididae etj),<\/em> si, breshkeza pambukore (<em>Planococcus citri, Pseudococus citri<\/em>) breshkeza e kuqe <em>(Aonidiella aurantii)<\/em>, breshkeza gri <em>(Parlatoria pergandei),<\/em>breshkeza gungore (<em>Ceroplastes sinensis)<\/em>, breshkeza ne forme presje <em>(Lepidosaphes beckii)<\/em>, e te tjera,<em> Afided (Aphis citricola, Aphis gossyppi, Toxoptera aurantii) \u00a0, <\/em>\u00a0Mizes mesdhetare <em>Ceratitis capitata,<\/em> Krahebardhave, Kepushave (<em>Tetranychus urticae, Panonychus citri, Aceria sheldoni)<\/em><\/p>\n<p style=\"text-align: justify;\"><span style=\"color: #000000;\">\u00a0<\/span><\/p>\n<p>[\/vc_column_text][\/vc_tta_section][\/vc_tta_tabs][\/vc_column][\/vc_row][vc_row][vc_column][vc_custom_heading text=&#8221;V\u00ebrejtje p\u00ebr p\u00ebrdorimin&#8221; font_container=&#8221;tag:h2|text_align:center|color:%23ea8d35&#8243; google_fonts=&#8221;font_family:Merienda%3Aregular%2C700|font_style:400%20regular%3A400%3Anormal&#8221;][vc_empty_space height=&#8221;22px&#8221;][\/vc_column][\/vc_row][vc_row][vc_column][vc_message message_box_color=&#8221;orange&#8221; icon_fontawesome=&#8221;&#8221; css=&#8221;&#8221;]<\/p>\n<p style=\"text-align: center;\">CITROLE nuk p\u00ebrzihet me produkteme \u00a0baze squfur, polisulfide, karbamate, kaptan, klorothalonil, dimetoate, folpet. N\u00ebse kryhen trajtime me k\u00ebto formulime, aplikimi i CITROLE duhet t\u00eb kryhet t\u00eb pakt\u00ebn 15 dit\u00eb para ose dy jav\u00eb pas, me p\u00ebrjashtim t\u00eb ditiokarbamateve, p\u00ebr t\u00eb cilat mund t\u00eb aplikohet 3-5 dit\u00eb para ose pas. Kujdes: n\u00ebse p\u00ebrzihet me formulime t\u00eb tjera, duhet t\u00eb respektohet periudha m\u00eb e gjat\u00eb e karences. P\u00ebr m\u00eb tep\u00ebr, duhet t\u00eb respektohen rregullat paraprake t\u00eb p\u00ebrshkruara p\u00ebr produktet m\u00eb toksike. N\u00ebse ndodhin raste intoksikimi, informoni mjekun p\u00ebr p\u00ebrzierjen e kryer.<\/p>\n<p>[\/vc_message][\/vc_column][\/vc_row][vc_row][vc_column][vc_custom_heading text=&#8221;Ndikim n\u00eb ekosistem&#8221; font_container=&#8221;tag:h2|text_align:center|color:%23f79468&#8243; google_fonts=&#8221;font_family:Merienda%3Aregular%2C700|font_style:400%20regular%3A400%3Anormal&#8221;][vc_empty_space height=&#8221;22px&#8221;][\/vc_column][\/vc_row][vc_row][vc_column][vc_message message_box_color=&#8221;orange&#8221; css=&#8221;&#8221;]<\/p>\n<p style=\"text-align: center;\">I rrezikshme p\u00ebr blet\u00ebt. P\u00ebr t\u00eb mbrojtur blet\u00ebt dhe insektet e tjera pjalmuese, mos aplikoni ne kulturat qe jane ne fazen e lul\u00ebzimit. Mos e p\u00ebrdorni kur blet\u00ebt jan\u00eb aktive.<\/p>\n<p>[\/vc_message][\/vc_column][\/vc_row]<\/p>\n<\/div>","protected":false},"excerpt":{"rendered":"<p>[vc_row full_width=&#8221;stretch_row_content&#8221;][vc_column width=&#8221;1\/6&#8243;][vc_single_image image=&#8221;54&#8243; img_size=&#8221;full&#8221; alignment=&#8221;right&#8221; image_hovers=&#8221;false&#8221;][\/vc_column][vc_column width=&#8221;2\/3&#8243;][vc_column_text css=&#8221;&#8221;] CITROLE \u00ebsht\u00eb l\u00ebng i emulsifikuesh\u00ebm i bazuar n\u00eb vaj parafinik shum\u00eb t\u00eb rafinuar me veprim insekticid. N\u00eb thelb vepron me asfiksim, duke mbuluar trupin e insekteve me nj\u00eb shtres\u00eb t\u00eb holl\u00eb dhe duke dep\u00ebrtuar ne menyre kapilare kanalet e tyre trakeale, t\u00eb cilat p\u00ebr rjedhoje bllokimin&hellip;<\/p>\n","protected":false},"author":2,"featured_media":0,"parent":0,"menu_order":0,"comment_status":"closed","ping_status":"closed","template":"","meta":{"footnotes":""},"class_list":["post-1185","page","type-page","status-publish","hentry","description-off"],"_links":{"self":[{"href":"https:\/\/agrohelp.al\/index.php\/wp-json\/wp\/v2\/pages\/1185","targetHints":{"allow":["GET"]}}],"collection":[{"href":"https:\/\/agrohelp.al\/index.php\/wp-json\/wp\/v2\/pages"}],"about":[{"href":"https:\/\/agrohelp.al\/index.php\/wp-json\/wp\/v2\/types\/page"}],"author":[{"embeddable":true,"href":"https:\/\/agrohelp.al\/index.php\/wp-json\/wp\/v2\/users\/2"}],"replies":[{"embeddable":true,"href":"https:\/\/agrohelp.al\/index.php\/wp-json\/wp\/v2\/comments?post=1185"}],"version-history":[{"count":4,"href":"https:\/\/agrohelp.al\/index.php\/wp-json\/wp\/v2\/pages\/1185\/revisions"}],"predecessor-version":[{"id":1243,"href":"https:\/\/agrohelp.al\/index.php\/wp-json\/wp\/v2\/pages\/1185\/revisions\/1243"}],"wp:attachment":[{"href":"https:\/\/agrohelp.al\/index.php\/wp-json\/wp\/v2\/media?parent=1185"}],"curies":[{"name":"wp","href":"https:\/\/api.w.org\/{rel}","templated":true}]}}