{"id":1190,"date":"2025-06-12T12:41:13","date_gmt":"2025-06-12T12:41:13","guid":{"rendered":"https:\/\/agrohelp.al\/?page_id=1190"},"modified":"2025-06-13T08:42:25","modified_gmt":"2025-06-13T08:42:25","slug":"sacron-45-wg","status":"publish","type":"page","link":"https:\/\/agrohelp.al\/index.php\/sacron-45-wg\/","title":{"rendered":"SACRON 45 WG"},"content":{"rendered":"<div class=\"wpb-content-wrapper\"><p>[vc_row full_width=&#8221;stretch_row_content&#8221;][vc_column width=&#8221;1\/6&#8243;][vc_single_image image=&#8221;54&#8243; img_size=&#8221;full&#8221; alignment=&#8221;right&#8221; image_hovers=&#8221;false&#8221;][\/vc_column][vc_column width=&#8221;2\/3&#8243;][vc_column_text css=&#8221;&#8221;]<\/p>\n<p style=\"text-align: center;\">SACRON 45 WG \u00ebsht\u00eb nj\u00eb fungicid, n\u00eb granula t\u00eb dispergueshme \u00a0n\u00eb uj\u00eb me nj\u00eb p\u00ebrqendrim t\u00eb lart\u00eb Cimoxanili, i karakterizuar nga aktivitete citotropike dhe translaminare, ve\u00e7an\u00ebrisht efektiv kund\u00ebr ne luftimin e vrugjeve te gjinive <em>Phythophthora, Peronospora, Pseudoperonospora e Bremia<\/em> ne hardhi, domate, kukurbitace, patate dhe kultur ate tjera.SACRON 45 WG ka veprim parandaluese, kurative dhe eradikant (duke qen\u00eb n\u00eb gjendje t\u00eb kontrolloj\u00eb infeksionet tashm\u00eb n\u00eb zhvillim) me nj\u00eb q\u00ebndrueshm\u00ebri veprimi 4-5 dit\u00eb n\u00eb var\u00ebsi t\u00eb kushteve klimatike q\u00eb ndodhin pas aplikimit dhe gjendjes fenologjike dhe zhvillimore t\u00eb kulturave.K\u00ebshillohet gjithmon\u00eb aplikimi i SACRON 45 WG i p\u00ebrzier me produkte kontakti dhe\/ose endoterapeutike me mekanizma dhe m\u00ebnyra t\u00eb ndryshme veprimi. Kmbinimi me BORDOLEZ DISPERSs ose OPTIX-R DISPERSS eshte prioritar.<\/p>\n<p>[\/vc_column_text][\/vc_column][vc_column width=&#8221;1\/6&#8243;][\/vc_column][\/vc_row][vc_row][vc_column width=&#8221;1\/4&#8243;][\/vc_column][vc_column width=&#8221;1\/2&#8243;]<div id=\"ult-carousel-84457555469f8a49c82dbb\" class=\"ult-carousel-wrapper   ult_horizontal\" data-gutter=\"15\" data-rtl=\"false\" ><div class=\"ult-carousel-339917217969f8a49c82cd4 \" >[vc_single_image image=&#8221;161&#8243; img_size=&#8221;104 \u00d7 104&#8243; alignment=&#8221;center&#8221; image_hovers=&#8221;false&#8221;][vc_single_image image=&#8221;162&#8243; img_size=&#8221;104 \u00d7 104&#8243; alignment=&#8221;center&#8221; image_hovers=&#8221;false&#8221;][vc_single_image image=&#8221;163&#8243; img_size=&#8221;104 \u00d7 104&#8243; alignment=&#8221;center&#8221; image_hovers=&#8221;false&#8221;][vc_single_image image=&#8221;164&#8243; img_size=&#8221;104 \u00d7 104&#8243; alignment=&#8221;center&#8221; image_hovers=&#8221;false&#8221;][vc_single_image image=&#8221;165&#8243; img_size=&#8221;104 \u00d7 104&#8243; alignment=&#8221;center&#8221; image_hovers=&#8221;false&#8221;]<\/div><\/div>\t\t\t<script type=\"text\/javascript\">\n\t\t\t\tjQuery(document).ready(function ($) {\n\t\t\t\t\tif( typeof jQuery('.ult-carousel-339917217969f8a49c82cd4').slick == \"function\"){\n\t\t\t\t\t\t$('.ult-carousel-339917217969f8a49c82cd4').slick({dots: false,autoplay: true,autoplaySpeed: \"2000\",speed: \"2000\",infinite: true,arrows: false,slidesToScroll:4,slidesToShow:4,swipe: true,draggable: true,touchMove: true,pauseOnHover: true,pauseOnFocus: false,responsive: [\n\t\t\t\t\t\t\t{\n\t\t\t\t\t\t\t  breakpoint: 1026,\n\t\t\t\t\t\t\t  settings: {\n\t\t\t\t\t\t\t\tslidesToShow: 4,\n\t\t\t\t\t\t\t\tslidesToScroll: 4,  \n\t\t\t\t\t\t\t  }\n\t\t\t\t\t\t\t},\n\t\t\t\t\t\t\t{\n\t\t\t\t\t\t\t  breakpoint: 1025,\n\t\t\t\t\t\t\t  settings: {\n\t\t\t\t\t\t\t\tslidesToShow: 1,\n\t\t\t\t\t\t\t\tslidesToScroll: 1\n\t\t\t\t\t\t\t  }\n\t\t\t\t\t\t\t},\n\t\t\t\t\t\t\t{\n\t\t\t\t\t\t\t  breakpoint: 760,\n\t\t\t\t\t\t\t  settings: {\n\t\t\t\t\t\t\t\tslidesToShow: 1,\n\t\t\t\t\t\t\t\tslidesToScroll: 1\n\t\t\t\t\t\t\t  }\n\t\t\t\t\t\t\t}\n\t\t\t\t\t\t],pauseOnDotsHover: true,customPaging: function(slider, i) {\n                   return '<i type=\"button\" style= \"color:#333333;\" class=\"ultsl-record\" data-role=\"none\"><\/i>';\n                },});\n\t\t\t\t\t}\n\t\t\t\t});\n\t\t\t<\/script>\n\t\t\t[\/vc_column][vc_column width=&#8221;1\/4&#8243;][\/vc_column][\/vc_row][vc_row][vc_column width=&#8221;2\/3&#8243;][vc_empty_space height=&#8221;25px&#8221;]<div class=\"standard-arrow list-divider bullet-top\"><ul>\n<li><span style=\"color: #ea8d35;\"><strong>Permbajtja<\/strong><\/span> :CIMOXANIL i past\u00ebr 45,\u00a0Bashk\u00ebformuluesit q.s. n\u00eb 100 g<\/li>\n<li><span style=\"color: #3366ff;\"><span style=\"color: #ea8d35;\"><strong>Karenca<\/strong>\u00a0<\/span><span style=\"color: #000000;\">: <\/span><\/span>Ne \u00a0rrush vere dhe tavoline: 28 dit\u00eb; Domte per industri: 10 dit\u00eb<strong>; <\/strong>Domate tavoline, Kungullore: 3 dit\u00eb<strong>; <\/strong>Patate: 7 dit\u00eb<\/li>\n<\/ul>\n<\/div>[\/vc_column][\/vc_row][vc_row][vc_column][vc_custom_heading text=&#8221;P\u00ebrdorimi&#8221; font_container=&#8221;tag:h2|text_align:center|color:%23ea8d35&#8243; google_fonts=&#8221;font_family:Merienda%3Aregular%2C700|font_style:400%20regular%3A400%3Anormal&#8221;][vc_empty_space height=&#8221;22px&#8221;][\/vc_column][\/vc_row][vc_row][vc_column][vc_tta_tabs color=&#8221;sandy-brown&#8221; spacing=&#8221;3&#8243; gap=&#8221;3&#8243; alignment=&#8221;center&#8221; active_section=&#8221;1&#8243;][vc_tta_section title=&#8221;VRESHTARI&#8221; tab_id=&#8221;1549981049149-80da51b1-b38043a9-127c&#8221;][vc_column_text css=&#8221;&#8221;]Kund\u00ebr vrugut <em>(Plasmopara viticola):<\/em> p\u00ebrdorni 270 g\/ha n\u00eb nj\u00eb v\u00ebllim uji midis 200 dhe 1000 L\/ha n\u00eb var\u00ebsi t\u00eb gjendjes vegjetative t\u00eb kultur\u00ebs. SACRON 45 WG mund t\u00eb aplikohet nga faza e 3-4 gjetheve t\u00eb v\u00ebrteta deri n\u00eb ngjyrim, duke nd\u00ebrhyr\u00eb me nj\u00eb qasje parandaluese dhe duke respektuar nj\u00eb interval nd\u00ebrmjet trajtimeve prej 7-10 dit\u00ebsh. Numri maksimal i trajtimeve\/vit: 4.<\/p>\n<p>N\u00eb rrushin e ver\u00ebs SACRON 45 WG nuk ka efekte t\u00eb pad\u00ebshiruara n\u00eb proceset e prodhimit t\u00eb ver\u00ebs dhe nuk ndryshon vetit\u00eb organoleptike t\u00eb ver\u00ebs.<\/p>\n<p style=\"text-align: justify;\"><span style=\"color: #000000;\">\u00a0<\/span><\/p>\n<p>[\/vc_column_text][\/vc_tta_section][vc_tta_section title=&#8221;DOMATE, KUNGULLORE&#8221; tab_id=&#8221;1549981356521-b7b06a28-474543a9-127c&#8221;][vc_column_text css=&#8221;&#8221;]Kund\u00ebr vrugut <em>(Phytophtora<\/em> ,<em>Pseudoperonospora<\/em>): p\u00ebrdorni 220 g\/ha n\u00eb nj\u00eb v\u00ebllim uji midis 200 dhe 1000 L\/ha n\u00eb var\u00ebsi t\u00eb gjendjes vegjetative t\u00eb kultur\u00ebs. SACRON 45 WG mund t\u00eb aplikohet nga faza e 3-4 gjetheve t\u00eb v\u00ebrteta deri n\u00eb pjekjen e frutave, duke respektuar nj\u00eb interval nd\u00ebrmjet trajtimeve prej 7-10 dit\u00ebsh.Numri maksimal i trajtimeve\/ciklit t\u00eb mbjelljes: 5.<\/p>\n<p><em>Ne kultura te tjera si duhan, spinaq, qepe , sallate\u00a0 per luftimin e vrugut<\/em> me 0.05% pr j me pake se 250 gr\/ha<\/p>\n<p style=\"text-align: justify;\"><span style=\"color: #000000;\">\u00a0<\/span><\/p>\n<p>[\/vc_column_text][\/vc_tta_section][vc_tta_section title=&#8221;PATATE&#8221; tab_id=&#8221;1549981049173-2221499d-443443a9-127c&#8221;][vc_column_text css=&#8221;&#8221;]Kund\u00ebr vrugut <em>(Phytophtora infestans):<\/em> p\u00ebrdorni 270 g\/ha n\u00eb nj\u00eb v\u00ebllim uji nd\u00ebrmjet 200 dhe 1000 L\/ha n\u00eb var\u00ebsi t\u00eb gjendjes vegjetative t\u00eb kultur\u00ebs. SACRON 45 WG mund t\u00eb aplikohet q\u00eb nga shfaqja \u00a0infeksioneve te para , duke respektuar nj\u00eb interval nd\u00ebrmjet trajtimeve prej 7-10 dit\u00ebsh.<\/p>\n<p>Numri maksimal i trajtimeve\/vit: 6.[\/vc_column_text][\/vc_tta_section][\/vc_tta_tabs][\/vc_column][\/vc_row][vc_row][vc_column][vc_custom_heading text=&#8221;V\u00ebrejtje p\u00ebr p\u00ebrdorimin&#8221; font_container=&#8221;tag:h2|text_align:center|color:%23ea8d35&#8243; google_fonts=&#8221;font_family:Merienda%3Aregular%2C700|font_style:400%20regular%3A400%3Anormal&#8221;][vc_empty_space height=&#8221;22px&#8221;][\/vc_column][\/vc_row][vc_row][vc_column][vc_message message_box_color=&#8221;orange&#8221; icon_fontawesome=&#8221;&#8221; css=&#8221;&#8221;]<\/p>\n<p style=\"text-align: center;\"><strong>P\u00ebrgatitja e p\u00ebrzierjes<\/strong>: Hdhet SACRON 45 WG direkt n\u00eb fu\u00e7in\u00eb e mbushur \u00be me uj\u00eb, duke e mbajtur peraieresi aktiv; pastaj shtoni sasin\u00eb e mbetur t\u00eb ujit t\u00eb k\u00ebrkuar p\u00ebr p\u00ebrdorim. N\u00eb zonat ku uji ka fort\u00ebsi t\u00eb ul\u00ebt, rekomandohet p\u00ebrdorimi i agjent\u00ebve kund\u00ebr shkum\u00ebs.<\/p>\n<p style=\"text-align: center;\"><strong>Shmangia e rezistences:<\/strong>P\u00ebr t\u00eb shmangur ose vonuar fillimin e rezistenc\u00ebs, SACRON 45 WG duhet t\u00eb p\u00ebrdoret gjithmon\u00eb si mas\u00eb parandaluese. Gjithashtu rekomandohet gjithmon\u00eb p\u00ebrdorimi i tij n\u00eb p\u00ebrzierje ose n\u00eb alternim me produkte q\u00eb kan\u00eb nj\u00eb mekaniz\u00ebm t\u00eb ndrysh\u00ebm veprimi, si\u00e7 tregohet n\u00eb etiket\u00eb. Mos e tejkaloni numrin maksimal t\u00eb aplikimeve t\u00eb treguara.<\/p>\n<p style=\"text-align: center;\"><strong>Perzierja me produkte tetjera:<\/strong>SACRON 45 WG \u00ebsht\u00eb fizikisht i p\u00ebrputhsh\u00ebm me produktet e mbrojtjes s\u00eb bim\u00ebve q\u00eb p\u00ebrmbajn\u00eb mancozeb, maneb, metiram, folpet dhe me p\u00ebrzierjet Bordeaux me origjin\u00eb UPL Europe Ltd., n\u00eb p\u00ebrqendrimet e rekomanduara p\u00ebr p\u00ebrdorim. Paralajm\u00ebrim: Gjat\u00eb p\u00ebrzierjes me formulime t\u00eb tjera, duhet t\u00eb respektohet periudha m\u00eb e gjat\u00eb e karences. Duhet t\u00eb respektohen gjithashtu masat paraprake t\u00eb p\u00ebrshkruara p\u00ebr produktet m\u00eb toksike. N\u00eb rast helmimi, informoni mjekun tuaj p\u00ebr p\u00ebrzierjen e kryer.<\/p>\n<p>[\/vc_message][\/vc_column][\/vc_row][vc_row][vc_column][vc_custom_heading text=&#8221;Ndikim n\u00eb ekosistem&#8221; font_container=&#8221;tag:h2|text_align:center|color:%23f79468&#8243; google_fonts=&#8221;font_family:Merienda%3Aregular%2C700|font_style:400%20regular%3A400%3Anormal&#8221;][vc_empty_space height=&#8221;22px&#8221;][\/vc_column][\/vc_row][vc_row][vc_column][vc_message message_box_color=&#8221;orange&#8221;]<\/p>\n<p style=\"text-align: center;\"><span style=\"color: #000000;\">Nuk eshte helmues per insektet e dobishme, kafshet shtepiake, peshqit dhe kafshet e egra. Kur trajtojme prane mjediseve ku mbareshtrohen bletet, duhet te kujdesemi per mbylljen e tyre gjate trajtimit dhe nxjerjen pas 48-72 oresh. Mos ndotni basenet, pellgjet dhe ruget e ujit me produktin ose ambalazhin bosh.<\/span><\/p>\n<p>[\/vc_message][\/vc_column][\/vc_row]<\/p>\n<\/div>","protected":false},"excerpt":{"rendered":"<p>[vc_row full_width=&#8221;stretch_row_content&#8221;][vc_column width=&#8221;1\/6&#8243;][vc_single_image image=&#8221;54&#8243; img_size=&#8221;full&#8221; alignment=&#8221;right&#8221; image_hovers=&#8221;false&#8221;][\/vc_column][vc_column width=&#8221;2\/3&#8243;][vc_column_text css=&#8221;&#8221;] SACRON 45 WG \u00ebsht\u00eb nj\u00eb fungicid, n\u00eb granula t\u00eb dispergueshme \u00a0n\u00eb uj\u00eb me nj\u00eb p\u00ebrqendrim t\u00eb lart\u00eb Cimoxanili, i karakterizuar nga aktivitete citotropike dhe translaminare, ve\u00e7an\u00ebrisht efektiv kund\u00ebr ne luftimin e vrugjeve te gjinive Phythophthora, Peronospora, Pseudoperonospora e Bremia ne hardhi, domate, kukurbitace, patate dhe kultur&hellip;<\/p>\n","protected":false},"author":2,"featured_media":0,"parent":0,"menu_order":0,"comment_status":"closed","ping_status":"closed","template":"","meta":{"footnotes":""},"class_list":["post-1190","page","type-page","status-publish","hentry","description-off"],"_links":{"self":[{"href":"https:\/\/agrohelp.al\/index.php\/wp-json\/wp\/v2\/pages\/1190","targetHints":{"allow":["GET"]}}],"collection":[{"href":"https:\/\/agrohelp.al\/index.php\/wp-json\/wp\/v2\/pages"}],"about":[{"href":"https:\/\/agrohelp.al\/index.php\/wp-json\/wp\/v2\/types\/page"}],"author":[{"embeddable":true,"href":"https:\/\/agrohelp.al\/index.php\/wp-json\/wp\/v2\/users\/2"}],"replies":[{"embeddable":true,"href":"https:\/\/agrohelp.al\/index.php\/wp-json\/wp\/v2\/comments?post=1190"}],"version-history":[{"count":4,"href":"https:\/\/agrohelp.al\/index.php\/wp-json\/wp\/v2\/pages\/1190\/revisions"}],"predecessor-version":[{"id":1239,"href":"https:\/\/agrohelp.al\/index.php\/wp-json\/wp\/v2\/pages\/1190\/revisions\/1239"}],"wp:attachment":[{"href":"https:\/\/agrohelp.al\/index.php\/wp-json\/wp\/v2\/media?parent=1190"}],"curies":[{"name":"wp","href":"https:\/\/api.w.org\/{rel}","templated":true}]}}