{"id":85,"date":"2019-02-12T15:32:40","date_gmt":"2019-02-12T15:32:40","guid":{"rendered":"https:\/\/agrohelp.al\/?page_id=85"},"modified":"2025-06-13T08:12:17","modified_gmt":"2025-06-13T08:12:17","slug":"difend","status":"publish","type":"page","link":"https:\/\/agrohelp.al\/index.php\/difend\/","title":{"rendered":"DIFEND\u00ae"},"content":{"rendered":"<div class=\"wpb-content-wrapper\"><p>[vc_row full_width=&#8221;stretch_row_content&#8221;][vc_column width=&#8221;1\/6&#8243;][vc_single_image image=&#8221;54&#8243; img_size=&#8221;full&#8221; alignment=&#8221;right&#8221; image_hovers=&#8221;false&#8221;][\/vc_column][vc_column width=&#8221;2\/3&#8243;][vc_column_text]<\/p>\n<p style=\"text-align: center;\"><span style=\"color: #000000;\">DIFEND eshte fungicid sistemik p\u00ebr dizinfektimin e farerave.Kontrollon nje varg semundjesh kepurdhore te cilat ndodhen ne toke apo mbarten me farerat si Pyrenophora graminea, Fusarium spp., Urocystes occulata, Tilletia caeries, Ustilago spp., Cochliobolus sativum, Fusarium culmorum, Giberella avenacea, Pythium ultimum<\/span><\/p>\n<p>[\/vc_column_text][\/vc_column][vc_column width=&#8221;1\/6&#8243;][\/vc_column][\/vc_row][vc_row][vc_column width=&#8221;1\/2&#8243;][vc_empty_space height=&#8221;25px&#8221;]<div class=\"standard-arrow list-divider bullet-top\"><ul>\n<li><strong><span style=\"color: #3366ff;\">Permbajtja<\/span><\/strong> : <span style=\"color: #000000;\">30 gr\/lit Difenoconazole<\/span><\/li>\n<li><strong><span style=\"color: #3366ff;\">Formulimi<\/span> <\/strong>: <span style=\"color: #000000;\">Flowable koncentrat (FS)<\/span><\/li>\n<li><span style=\"color: #3366ff;\"><strong>Karenca<\/strong>\u00a0<span style=\"color: #000000;\">:<\/span><\/span><span style=\"color: #000000;\"> Nuk aplikohet<\/span><\/li>\n<\/ul>\n<\/div>[\/vc_column][vc_column width=&#8221;1\/2&#8243;][vc_empty_space height=&#8221;25px&#8221;][vc_single_image image=&#8221;88&#8243; img_size=&#8221;full&#8221; alignment=&#8221;center&#8221;][\/vc_column][\/vc_row][vc_row][vc_column][vc_custom_heading text=&#8221;P\u00ebrdorimi&#8221; font_container=&#8221;tag:h2|text_align:center|color:%231e73be&#8221; google_fonts=&#8221;font_family:Merienda%3Aregular%2C700|font_style:400%20regular%3A400%3Anormal&#8221;][vc_empty_space height=&#8221;22px&#8221;][\/vc_column][\/vc_row][vc_row][vc_column][vc_column_text]<\/p>\n<p style=\"text-align: justify;\"><strong><span style=\"color: #3366ff;\">P\u00cbR DIZINFEKTIMIN E FAR\u00cbRAVE T\u00cb LASHTA<\/span><\/strong> \u2013 N\u00eb grur\u00eb kund\u00ebr urthit (Tilletia spp.),me doz\u00eb 100gr\/100 kg far\u00eb , kund\u00ebr septoriozave (Sepatoria spp.), fusariozave (Fusarium spp.) , Cochliobolus sativus dhe bloz\u00ebs (Ustilago tritici) me doz\u00eb 200gr\/100 kg far\u00eb.N\u00eb elb kund\u00ebr bloz\u00ebs s\u00eb zhveshur (Ustilago nuda) dhe helmintosporioz\u00ebs (Pyrenophora graminea) me doz\u00eb 200gr\/100 kg far\u00eb.<\/p>\n<p>[\/vc_column_text][\/vc_column][\/vc_row][vc_row][vc_column][vc_custom_heading text=&#8221;V\u00ebrejtje p\u00ebr p\u00ebrdorimin&#8221; font_container=&#8221;tag:h2|text_align:center|color:%231e73be&#8221; google_fonts=&#8221;font_family:Merienda%3Aregular%2C700|font_style:400%20regular%3A400%3Anormal&#8221;][vc_empty_space height=&#8221;22px&#8221;][\/vc_column][\/vc_row][vc_row][vc_column][vc_message icon_fontawesome=&#8221;fa fa-exclamation-triangle&#8221;]<\/p>\n<p style=\"text-align: center;\"><span style=\"color: #000000;\">P\u00ebrzihet me shumic\u00ebn e preparateve me reaksin neutral q\u00eb p\u00ebrdoren p\u00ebr dezinfektimin e far\u00ebs. Farat e trajtuara ruhen n\u00eb ambjente t\u00eb mbrojtura nga rrezatimi direkt i diellit dhe lag\u00ebshtia dhe nuk duhet t\u00eb p\u00ebrdoren p\u00ebr ushqimin e njer\u00ebzve dhe kafsh\u00ebve. Farat e trajtuara jan\u00eb helmuese p\u00ebr zogjt\u00eb, prandaj duhet b\u00ebr\u00eb mbulimi i mir\u00eb i tyre n\u00eb tok\u00eb gjat\u00eb mbjelljes.<\/span><\/p>\n<p>[\/vc_message][\/vc_column][\/vc_row][vc_row][vc_column][vc_custom_heading text=&#8221;Ndikim n\u00eb ekosistem&#8221; font_container=&#8221;tag:h2|text_align:center|color:%231e73be&#8221; google_fonts=&#8221;font_family:Merienda%3Aregular%2C700|font_style:400%20regular%3A400%3Anormal&#8221;][vc_empty_space height=&#8221;22px&#8221;][\/vc_column][\/vc_row][vc_row][vc_column][vc_message]<\/p>\n<p style=\"text-align: center;\"><span style=\"color: #000000;\">Helmues p\u00ebr peshqit dhe invertebror\u00ebt ujor\u00eb.<\/span><\/p>\n<p>[\/vc_message][\/vc_column][\/vc_row]<\/p>\n<\/div>","protected":false},"excerpt":{"rendered":"<p>[vc_row full_width=&#8221;stretch_row_content&#8221;][vc_column width=&#8221;1\/6&#8243;][vc_single_image image=&#8221;54&#8243; img_size=&#8221;full&#8221; alignment=&#8221;right&#8221; image_hovers=&#8221;false&#8221;][\/vc_column][vc_column width=&#8221;2\/3&#8243;][vc_column_text] DIFEND eshte fungicid sistemik p\u00ebr dizinfektimin e farerave.Kontrollon nje varg semundjesh kepurdhore te cilat ndodhen ne toke apo mbarten me farerat si Pyrenophora graminea, Fusarium spp., Urocystes occulata, Tilletia caeries, Ustilago spp., Cochliobolus sativum, Fusarium culmorum, Giberella avenacea, Pythium ultimum [\/vc_column_text][\/vc_column][vc_column width=&#8221;1\/6&#8243;][\/vc_column][\/vc_row][vc_row][vc_column width=&#8221;1\/2&#8243;][vc_empty_space height=&#8221;25px&#8221;][\/vc_column][vc_column width=&#8221;1\/2&#8243;][vc_empty_space height=&#8221;25px&#8221;][vc_single_image image=&#8221;88&#8243;&hellip;<\/p>\n","protected":false},"author":2,"featured_media":0,"parent":0,"menu_order":0,"comment_status":"closed","ping_status":"closed","template":"","meta":{"footnotes":""},"class_list":["post-85","page","type-page","status-publish","hentry","description-off"],"_links":{"self":[{"href":"https:\/\/agrohelp.al\/index.php\/wp-json\/wp\/v2\/pages\/85","targetHints":{"allow":["GET"]}}],"collection":[{"href":"https:\/\/agrohelp.al\/index.php\/wp-json\/wp\/v2\/pages"}],"about":[{"href":"https:\/\/agrohelp.al\/index.php\/wp-json\/wp\/v2\/types\/page"}],"author":[{"embeddable":true,"href":"https:\/\/agrohelp.al\/index.php\/wp-json\/wp\/v2\/users\/2"}],"replies":[{"embeddable":true,"href":"https:\/\/agrohelp.al\/index.php\/wp-json\/wp\/v2\/comments?post=85"}],"version-history":[{"count":5,"href":"https:\/\/agrohelp.al\/index.php\/wp-json\/wp\/v2\/pages\/85\/revisions"}],"predecessor-version":[{"id":1217,"href":"https:\/\/agrohelp.al\/index.php\/wp-json\/wp\/v2\/pages\/85\/revisions\/1217"}],"wp:attachment":[{"href":"https:\/\/agrohelp.al\/index.php\/wp-json\/wp\/v2\/media?parent=85"}],"curies":[{"name":"wp","href":"https:\/\/api.w.org\/{rel}","templated":true}]}}