{"id":868,"date":"2019-11-04T17:14:18","date_gmt":"2019-11-04T17:14:18","guid":{"rendered":"https:\/\/agrohelp.al\/?page_id=868"},"modified":"2025-06-13T08:55:39","modified_gmt":"2025-06-13T08:55:39","slug":"fumathane-510","status":"publish","type":"page","link":"https:\/\/agrohelp.al\/index.php\/fumathane-510\/","title":{"rendered":"FUMATHANE 510"},"content":{"rendered":"<div class=\"wpb-content-wrapper\"><p>[vc_row full_width=&#8221;stretch_row_content&#8221;][vc_column width=&#8221;1\/6&#8243;][vc_single_image image=&#8221;54&#8243; img_size=&#8221;full&#8221; alignment=&#8221;right&#8221; image_hovers=&#8221;false&#8221;][\/vc_column][vc_column width=&#8221;2\/3&#8243;][vc_column_text]<\/p>\n<p style=\"text-align: center;\"><span style=\"color: #000000;\">FUMATHANE 510 \u00ebsht\u00eb nj\u00eb produkt fumigant me veprim specifik ndaj gjallesave qe jetojne ne toke (k\u00ebpurdha, insekte dhe te porsambirat e barerave) nepermjet clirimit te gazit (MITC &#8211; Metilisotiocianato) Perdoret ne trajtime preventive te toka p\u00ebr t\u00eb luftuar insektet, nematodat (format e lira) dhe e agjent\u00ebt kepurdhore si Fusarium, Verticillium, Phialophora, Pythium, Phytophthora, Rhizoctonia si dhe cfaq veprim herbicid ne farerat e porsambira.<\/span><\/p>\n<p>[\/vc_column_text][\/vc_column][vc_column width=&#8221;1\/6&#8243;][\/vc_column][\/vc_row][vc_row][vc_column][vc_empty_space height=&#8221;25px&#8221;]<div class=\"standard-arrow list-divider bullet-top\"><ul>\n<li><span style=\"color: #ea8d35;\"><strong>Permbajtja<\/strong><\/span> : <span style=\"color: #000000;\">Metami sodium i paster 510 g \/ lit<\/span><\/li>\n<li><span style=\"color: #ea8d35;\"><strong>Formulimi <\/strong><\/span>: <span style=\"color: #000000;\">Leng i treteshem ne uje<\/span><\/li>\n<li><span style=\"color: #3366ff;\"><span style=\"color: #ea8d35;\"><strong>Karenca<\/strong>\u00a0<\/span><span style=\"color: #000000;\">:<\/span><\/span><span style=\"color: #000000;\"> Nuk aplikohet<br \/>\n<\/span><\/li>\n<li><span style=\"color: #3366ff;\"><span style=\"color: #ea8d35;\"><strong>Marke e regjistruar<\/strong>\u00a0<\/span><span style=\"color: #000000;\">:<\/span><\/span><span style=\"color: #000000;\"> EASTMAN USA<\/span><\/li>\n<\/ul>\n<\/div>[\/vc_column][\/vc_row][vc_row][vc_column][vc_custom_heading text=&#8221;Metoda &amp; Doza e Perdorimit&#8221; font_container=&#8221;tag:h2|text_align:center|color:%23ea8d35&#8243; google_fonts=&#8221;font_family:Merienda%3Aregular%2C700|font_style:400%20regular%3A400%3Anormal&#8221;][vc_empty_space height=&#8221;22px&#8221;][vc_column_text]<\/p>\n<p style=\"text-align: justify;\"><span style=\"color: #000000;\">P\u00ebrgatitja e tok\u00ebs: p\u00ebr t\u00eb patur rezultate t\u00eb mira nevoitet nje punim dhe shkrifetim i mire paraprak i tokes Plehrat organike duhet te jene hedhur dhe permbysur ne toke nje muaj para perdorimit te FUMATAHNE 510 Temperatura: N\u00eb koh\u00ebn e aplikimit temperatura e tok\u00ebs nuk duhet t\u00eb jet\u00eb m\u00eb poshte se 14 \u00b0 C dhe me lart 32 \u00b0 C.<\/span><\/p>\n<p>[\/vc_column_text][\/vc_column][\/vc_row][vc_row][vc_column][vc_tta_tabs color=&#8221;sandy-brown&#8221; spacing=&#8221;3&#8243; gap=&#8221;3&#8243; alignment=&#8221;center&#8221; active_section=&#8221;1&#8243;][vc_tta_section title=&#8221;TRAJTIMET NE FUSHE&#8221; tab_id=&#8221;1549981049149-80da51b1-b38043a9-127c996d-c6f9&#8243;][vc_column_text]<\/p>\n<p style=\"text-align: justify;\"><span style=\"color: #000000;\">FUMATHANE 510 perdoret duke e injektuar n\u00eb terren me makineri t\u00eb ve\u00e7anta fumigatrici;<br \/>\n<\/span><\/p>\n<p>[\/vc_column_text][\/vc_tta_section][vc_tta_section title=&#8221;TRAJTIMI NE SERE&#8221; tab_id=&#8221;1549981356521-b7b06a28-474543a9-127c996d-c6f9&#8243;][vc_column_text]<\/p>\n<p style=\"text-align: justify;\"><span style=\"color: #000000;\">FUMATHANE 510 shperndahet me ane te sistemit te uitjes me pika duke e mbuluar paraprakisht seren me plastmas. Dozae p\u00ebrdorimit 300 l \/ ha FUMATHANE 510 p\u00ebr trajtime t\u00eb hapura n\u00eb terren dhe 700-1200 l \/ ha p\u00ebr trajtimet n\u00eb serr\u00eb; doza p\u00ebr trajtimin n\u00eb serr\u00eb mund t\u00eb rritet deri n\u00eb 1500 l \/ ha, kur kemi toka te renda ose t\u00eb infektuar kryesisht nga kepurdhat e sistemit vaskular si Verticillium, Fusarium apo Fialoforoza<br \/>\n<\/span><\/p>\n<p>[\/vc_column_text][\/vc_tta_section][\/vc_tta_tabs][\/vc_column][\/vc_row][vc_row][vc_column][vc_custom_heading text=&#8221;Ne te njejte parcele nuk duhet te kryejm me shum se nje trajtim cdo tre vjet.&#8221; font_container=&#8221;tag:h2|text_align:center|color:%23ea8d35&#8243; google_fonts=&#8221;font_family:Merienda%3Aregular%2C700|font_style:400%20regular%3A400%3Anormal&#8221;][vc_empty_space height=&#8221;22px&#8221;][\/vc_column][\/vc_row][vc_row][vc_column][vc_message message_box_color=&#8221;orange&#8221;]<\/p>\n<p style=\"text-align: center;\"><span style=\"color: #000000;\">Nuk duhet te afrohemi ne zonen e trajtuar pa kaluar 15 dite. Pas trajtimit tereni laget ne menyre qe produkti t\u00eb arrije ne thell\u00ebsin\u00eb e d\u00ebshiruar. Pas heqies se plastmasit tokes i behet nje frezim i i ceket me qellim qe te largojme gazrat dhe per te shmangur cdo efekt fitotoksik ne mbjelljet e reja. Par mbjelljes duhet te presim edhe 8-14 dit\u00eb te tjera . N\u00ebse \u00ebsht\u00eb e nevojshme, mund te behet edhe nje test i tokes duke mbjelle fillimisht disa bime. Produkti cliron gaz toksik. Rekomandojme qe punetoret qe do te operojne ne sere te jene paisur me maska dhe hundeza deri ne largimin e plote te gazrave e cila mund te zgjas 30-35 dite pas aplikimt ne toke.<\/span><\/p>\n<p>[\/vc_message][\/vc_column][\/vc_row][vc_row][vc_column][vc_custom_heading text=&#8221;Perzierje : Nuk perdoret i perzier me produkte te tjera&#8221; font_container=&#8221;tag:h2|text_align:center|color:%23f79468&#8243; google_fonts=&#8221;font_family:Merienda%3Aregular%2C700|font_style:400%20regular%3A400%3Anormal&#8221;][vc_empty_space height=&#8221;22px&#8221;][\/vc_column][\/vc_row][vc_row][vc_column][vc_custom_heading text=&#8221;Kujdes&#8221; font_container=&#8221;tag:h2|text_align:center|color:%23f79468&#8243; google_fonts=&#8221;font_family:Merienda%3Aregular%2C700|font_style:400%20regular%3A400%3Anormal&#8221;][vc_empty_space height=&#8221;22px&#8221;][\/vc_column][\/vc_row][vc_row][vc_column][vc_message message_box_color=&#8221;orange&#8221; icon_fontawesome=&#8221;fa fa-exclamation-triangle&#8221;]<\/p>\n<p style=\"text-align: justify;\"><span style=\"color: #000000;\">Perdoreni produktin ekskluzivisht ne perputhje me rekomandimet e kesaj etikete. Ne raste specifike kontaktoni me distributorin lokal (tel : 0692055309). Prodhuesi dhe distributori nuk mbajne pergjejesi per demet ose reziqet qe mund te vijne nga perdorimi ndryshe nga cfar rekomandohet ne kete etikete. produkti nuk perdoret me mjete ajrore. Nuk perdoret ne dite me ere. Gjate perdorimit duhet te behet kujdes te mos ndoten kulturat e tjera qe jane afer. Perdoret ekskluzivisht me mjete qe sigurojne inkorporimin ne toke dhe jo me sperkatje.<\/span><\/p>\n<p>[\/vc_message][\/vc_column][\/vc_row][vc_row][vc_column][vc_custom_heading text=&#8221;Ruajtaj dhe magazinimi&#8221; font_container=&#8221;tag:h2|text_align:center|color:%23f79468&#8243; google_fonts=&#8221;font_family:Merienda%3Aregular%2C700|font_style:400%20regular%3A400%3Anormal&#8221;][vc_empty_space height=&#8221;22px&#8221;][\/vc_column][\/vc_row][vc_row][vc_column][vc_message message_box_color=&#8221;orange&#8221;]<\/p>\n<p style=\"text-align: justify;\"><span style=\"color: #000000;\">Ruhet ne temp. 5-35 o C. Mbahet larg ushqimeve dhe aritjes prej femijeve. Magazinohet ne ene origjinale, ne vende te that dhe te fresketa i shmangur nga rezet direkte te diellit.<\/span><\/p>\n<p>[\/vc_message][\/vc_column][\/vc_row][vc_row][vc_column][vc_custom_heading text=&#8221;Ndikimi ne ekosistem&#8221; font_container=&#8221;tag:h2|text_align:center|color:%23f79468&#8243; google_fonts=&#8221;font_family:Merienda%3Aregular%2C700|font_style:400%20regular%3A400%3Anormal&#8221;][vc_empty_space height=&#8221;22px&#8221;][\/vc_column][\/vc_row][vc_row][vc_column][vc_message message_box_color=&#8221;orange&#8221;]<\/p>\n<p style=\"text-align: justify;\"><span style=\"color: #000000;\">Inkorporimi i produktit ne toke sipas udhezimeve te kesaj etikete nuk krijon kushte per demtimin e entomofaunes se dobishme.<\/span><\/p>\n<p>[\/vc_message][\/vc_column][\/vc_row]<\/p>\n<\/div>","protected":false},"excerpt":{"rendered":"<p>[vc_row full_width=&#8221;stretch_row_content&#8221;][vc_column width=&#8221;1\/6&#8243;][vc_single_image image=&#8221;54&#8243; img_size=&#8221;full&#8221; alignment=&#8221;right&#8221; image_hovers=&#8221;false&#8221;][\/vc_column][vc_column width=&#8221;2\/3&#8243;][vc_column_text] FUMATHANE 510 \u00ebsht\u00eb nj\u00eb produkt fumigant me veprim specifik ndaj gjallesave qe jetojne ne toke (k\u00ebpurdha, insekte dhe te porsambirat e barerave) nepermjet clirimit te gazit (MITC &#8211; Metilisotiocianato) Perdoret ne trajtime preventive te toka p\u00ebr t\u00eb luftuar insektet, nematodat (format e lira) dhe e agjent\u00ebt kepurdhore&hellip;<\/p>\n","protected":false},"author":2,"featured_media":0,"parent":0,"menu_order":0,"comment_status":"closed","ping_status":"closed","template":"","meta":{"footnotes":""},"class_list":["post-868","page","type-page","status-publish","hentry","description-off"],"_links":{"self":[{"href":"https:\/\/agrohelp.al\/index.php\/wp-json\/wp\/v2\/pages\/868","targetHints":{"allow":["GET"]}}],"collection":[{"href":"https:\/\/agrohelp.al\/index.php\/wp-json\/wp\/v2\/pages"}],"about":[{"href":"https:\/\/agrohelp.al\/index.php\/wp-json\/wp\/v2\/types\/page"}],"author":[{"embeddable":true,"href":"https:\/\/agrohelp.al\/index.php\/wp-json\/wp\/v2\/users\/2"}],"replies":[{"embeddable":true,"href":"https:\/\/agrohelp.al\/index.php\/wp-json\/wp\/v2\/comments?post=868"}],"version-history":[{"count":3,"href":"https:\/\/agrohelp.al\/index.php\/wp-json\/wp\/v2\/pages\/868\/revisions"}],"predecessor-version":[{"id":1245,"href":"https:\/\/agrohelp.al\/index.php\/wp-json\/wp\/v2\/pages\/868\/revisions\/1245"}],"wp:attachment":[{"href":"https:\/\/agrohelp.al\/index.php\/wp-json\/wp\/v2\/media?parent=868"}],"curies":[{"name":"wp","href":"https:\/\/api.w.org\/{rel}","templated":true}]}}